--
-- Host: localhost    Database: kogarah
-- ------------------------------------------------------


--
-- Table structure for table `app_tokens`
--

CREATE TABLE `app_tokens` (
  `id` int NOT NULL AUTO_INCREMENT,
  `device_type` varchar(255) NOT NULL,
  `device_token` varchar(255) NOT NULL,
  `created_date` datetime NOT NULL DEFAULT CURRENT_TIMESTAMP,
  PRIMARY KEY (`id`)
) ENGINE=InnoDB AUTO_INCREMENT=365 DEFAULT CHARSET=latin1;

--
-- Dumping data for table `app_tokens`
--

INSERT INTO `app_tokens` VALUES (122,'ios','cyU9vIxS7SQ:APA91bF2QGtvDkENHbkqo44FWLEgCdIKKio8Xg3LZRQXOXAIui9eZQKiBhhPAGhDv2H0-vxLeMezMW1uUvrcPKasE0yzv2iiKHrWhoh6VEdxRFEbD1YT9v0dxMJovgWZ4YBGsB0nxl-8','2021-03-24 02:32:39'),(123,'ios','fORv9gi_0Aw:APA91bHtGCyifT4vGuTqvdVg06pD-AMM0P9zewoGrkZrVP2fkBy9I7vEaXmeSUzZUgte47t4nZWVXTqxBDHt5KJPO3twzn1Z247LWXx5GKdxSF9cRIJ8UJrCszaE9lmxyJ5s2UJGoXMc','2021-03-24 04:29:12'),(124,'ios','dO4X23dQr2w:APA91bEqtu_Ag5E176Q819cW4L8xJ1oxQ2UClDhGc90_52whkUstsA2apy_KEdgahoYc8llxcat88UCSzIFJ15GSCPwus6UdK9rtBdJ8jo3agDugCrfMyMqaKeGhYXBgyb1Mrodr6beZ','2021-03-24 06:08:36'),(125,'ios','dO4X23dQr2w:APA91bH2tJ5wLzUYuTF7CQd2KYEVaDZAMFmsnFx-OeYMJJfBkoZH85idqmevRu-PkOeY_bZriFQQ8ZHepd7Q5Eia3ypTTbMhWwqfLfJYoMKzTpdD-pDAaWEMg1kbs0mwFfTvw14iuwXf','2021-03-24 06:08:39'),(126,'ios','ewgSZJGI97M:APA91bH7YXJoaEWNYi0Nr5tJIIrzzQmgajjCeDSb7V0GMpX-Dnd7HuWfxScDtW-yWY-qBzV0YsJw9zu7cdrm5YVeyyzXJ6AyAqA8cdGzWg4UqWnNFqFjxQx56dFh78Rg63ayu43Lwl8T','2021-03-24 06:08:56'),(127,'ios','eeVs_5Pz8hE:APA91bEk9SYZ0CuvLjdUyztUoEBO0MbSphYJn1DwW8LV7vvROdWZDitkt-cfp_NiJ6XgRFEp5drU11Dfik3BfRcmQQPHOprLRMthpCroHMKzXP7H-mL-BXrxGWB0bV_s2aOZelYbmW5T','2021-03-24 21:25:44'),(128,'ios','e35Laa1uYL8:APA91bFcLeujFRvYwQQz5MGJOQ2uYQbLAzYxCAd_ZicNRlUaC5HWhhDuhnTRJwc1zBPP8v9dUzhaJuxVPX-AMmSSNy0nUhDOnKRTL1b6YWllkiFo7PsOcKoPGfcV4my1-EkUMFfj-qZO','2021-03-25 06:58:12'),(129,'ios','ehtWdY6vcaY:APA91bER-qYwwuuAMylszTDuuMZQOxpJEbt5J7nS_W760BAxTw2OHPqeXFJOF-_G_spL9WWE8xUfd72UuNYASIuUgXmjvFWOvK-figtJSfE5Y5v8EJuxXSA85l9jWPeME3lKpT-Ms6-r','2021-03-25 13:53:41'),(130,'ios','eAyTPFrwp8Q:APA91bH9jX3uOY_DcjEnAwJ4FnqSctcewE64gRwjBoAyqoyz2FmlZnqog46Li8-P4eg245xkG-VhEGZYxTlrE3kRdf_z98vEe153XFPv2NLN0-EbPmhgY8d_d2W8bzIOJXc4wUbsPDZL','2021-03-26 15:59:32'),(131,'ios','e4VuIPkR-0s:APA91bFNfrECofzkr2QucmmC2bdPHfoPL_9Bz2j5zu2AZWF30Zqvsj8ASHHnveGA365GaTDWapA7kwnZxD7VzCj0SYhewK2fEmThdNBcE3aAODlImNqnncioD36xo6pthBap7stebTXJ','2021-03-28 00:36:34'),(132,'ios','eytq14XLCAY:APA91bGfhAADrmB1CX93oZR7M43aRBzTmzx06YHcRECHAhy0bEkws0Ju830tyJkeZ8X3hT_xXGkACN8ZhfBCdDMKRJ_3xpNHFqAJ6s-unHb8BeGlP7WxphYComWjOuoWeMwRay6Y22Er','2021-03-28 20:22:09'),(133,'ios','elWjjYKGQQU:APA91bHnE2CiHpnLLIDhNLN7mmGdX6hVwF-8aMQgS-ht-vxvGy3W3PUppKbFaIu5x8aJ5BYWnavJOHnsOkho8GwTilleFYuCUR9_HSRSSJzP4aiG6J-666l2sIuvh31xkz-roYKJb-gL','2021-04-02 03:15:50'),(134,'ios','ehJKUepalWE:APA91bHWgzlI3iRL35kHEU9U6H5wz0CwPIyuX4M-_XtZ5F1LLsLUZGpflMeAIbHnRlzC4nmK1DAcTHFwsCPKXHYc6BGs1Ou9iAOS_ULoAJ73nhRjMZ_rr2upiOq5AxC9eoWxXXGu-r09','2021-04-02 03:32:00'),(135,'ios','evcYcSr3InE:APA91bE_PRBHrv439jrhs7Wmdyq4v6ig4Y2NrRBuGxY_I10ny3TcnLB-WSHL82Fg15bq5HrcCCUqNIkvburCYpq4edis0MzDHLepcrGboa7swXlrPybd3ROE8IqOZ-KgTU9d7xXE_KQH','2021-04-02 03:43:21'),(136,'ios','dWrhP1EymII:APA91bHl-CTbGB9Hy0kwmTDFn98Q-xzvZuITsCEtYHTvTJTAkMfXdtvQ-9iVvSgCo4jkud8IIZVwk8KbKTrrXiWxOvAWsL26VNLF8-81nxz7NdV1sf8Kd791GC9YrpS3m_VVGsEfsmSN','2021-04-02 13:44:10'),(137,'ios','eqiHr51Yh1M:APA91bGrayU64nHcPHEyeGCaFrzmX8HQRroWhZS-FYiDnrPdsz2FdlRzK3H5BppwGqDbQAWUlDmVExOtqKsIqXPKuCTms4-NmgBBPWI5usQkwVExcXH0FtINFO55FTUtQZIPr-7lk2wf','2021-04-02 17:41:08'),(138,'ios','dP4vhzMCGWc:APA91bEq6hyPz8YqnBr3cFf25rwSTsgd6SFa5zBwypWstVI9Opj-ci86ulAurc_QqR3tEwNnnyCtdUFLMFO26zKO3PXUdcYX3AAJnNifYnCjWt--wfnP0-kUEPPtpsR84eqDKU_DQuea','2021-04-02 19:18:07'),(139,'ios','fOmwS9tL2LQ:APA91bFMum6-1cusD8qd2rJoe1uZAMdJDmjgqwb5EDf37NYtZl1OK5VTsoaVtQk2fIO_cGwW1pdqOsf_FVoHqEv4QlpiAywOVaiw2BkSfKyUIomnfQNBsogIF3ubgUcK-dEUXV16--bO','2021-04-02 19:18:48'),(140,'ios','cH-r9furI5Y:APA91bE55romRiEzPscugLGvguKPuFG6_fB4mergj2DZfazVUWRcjN-rZmnR-f0KTccxokxrb1Hpq3RIg5HrKk5WEjznxx4coR9IEaRdPwGeWzjgDMpp8uZDJnWSoPy76U5GfLDFiAr7','2021-04-02 19:30:35'),(141,'ios','e_aJGqLtH5g:APA91bHMNEetn9CZTDLvEMja8usHVs2ugvPnhClwFfK5wflbUIvfVdm261_bgURpBbOYCgheEK2ORYn8uz7o81OtgJNRbTzpNE0bqqFDEXgZnz3kscug-eLKUXsdlxGRKfKg_8pEWPdk','2021-04-02 19:49:41'),(142,'ios','e64yCuEQYPM:APA91bGryfPF4lpiLW9RLgOmtAdAaMX0DBBdfmuckjBRSkfcmq-QqC1mFDPrLDLD79YQRGVfnd1gaFZKhFDN6s8bALvtljPpLjMe0twtV4VLkDdHe7NlfN2VCX5g8DVBQSaFssx8zyrn','2021-04-02 20:27:23'),(143,'ios','clvlvF2TGcg:APA91bEtBdg3DPTYUOcfXg-Ger501FCfXf2h9A5JMiaeg75XVM-HxDD7OgIwsE6Bd7PGgRvMXC8fDd1fnWU7lI2IcWbH-o6NVzTbVoFHvSbwNWnZPjdxp-nD79cfJk5tPRSp3FxMg2La','2021-04-02 21:56:27'),(144,'ios','ch6l9nc58Ro:APA91bEMEoYndAoH8LT3Z2PU2LO-jurENmgsDzKBKxYN-esxV6eD_G-eiWDmPihWdGP7df9pDWuWZVTBRrWBZjvKbYVTahtly4VTJnPXhpfqiPW7r3RSiogeEa_bWf5HzPy2QZ7bNxNX','2021-04-02 23:31:59'),(145,'ios','fwk8saiuRXo:APA91bFDODRHk0NE931UZFniDkFGDxXM4IuRzylcn_F0XR2XsGBeDUFT6Slo0wFyuQhLK5xhwGmV1TtOhmx3JTISSVSXbQ3L_lm9-eWKr7HAuklQC9cmldYagtol-tw7jlbYFvKwZVHT','2021-04-02 23:51:55'),(146,'ios','fbDhcdTu6q4:APA91bEcIdGf68t4eEeMtJ9oo7w2MZRb5Sli_1pU-QiQwBF0T1f2Zo2YOIfkWMY4kBlrvOYMxfj4n9fCGiO2FUWopO_te5yBvJl71L6vpuhQu7Z0RLT6AYcQcYf45DgVvoh1uvuRiTdN','2021-04-03 00:25:20'),(147,'ios','cZLrmteUxBs:APA91bGlNu7cmizDXFlXCQLbBCvWFwrMqALh7B7UH5gtaZfxFSOiPVqTXmn2FI5qF3aVfXhBhAUg_vobPa1ndOdhO2_JXIEB_adFbZX4vnCyLAYWNcqpGEudq4prWiVgT3wXgBj7e0jr','2021-04-03 01:09:38'),(148,'ios','f0aWpmSosKg:APA91bH86bG9gRxXpljOu6CP2gPCJRYq5tcMRZ510FbiTjAK6uOOaQmwBlRSno0UfgP7NjySpLaZJRRSJEF_rX-vI5t2_q8WkJitnOM6srP83uExOUjLvkPG2WE3x9zy9M8K871d_K20','2021-04-03 01:39:15'),(149,'ios','ecScQHdWtEE:APA91bGtycAQtGuP8mhE6z4Le00PX8NorciWH-e5oo1MDUAbyLGVW-yisrd0v3uGZ1fa8fftgxkYoR1qfuTo0LxK_ERqyuu2Q9yKcEaKj9k9EzKxvB330P49ehsmsk83LmUQk5MUL54O','2021-04-03 01:54:10'),(150,'ios','c1VQH-93vak:APA91bEzpjir2-0t8X-abvpbHRDfHnDJCLKxLhswfRwGqP4Q974-O2TMIfPj1lY7Szfy9Ykk3GaN0p4yrLDmZctVaUby1uZthC21n-7LyaIH_H1ABEQuTQRFM39kAWXA7NhSIBxjlK6N','2021-04-03 02:26:14'),(151,'ios','eQaUeOvxO48:APA91bFaNcZ0_J6DxUMbmxLUC3MdjEq9zRih0bf1d-VInuPn1Ll56d83oEocc7uHF9r-qMYvN-Ywm1CuKq2wU9aNZCxdOzrXS99O2S7YwTxIA9UfaJ47tjxFgJbRJr_BEePrwkkyqmrX','2021-04-03 02:27:22'),(152,'ios','cneQIU5MxyE:APA91bEKbO9O8U-a-T3rVN8jl4P_UhptT5CRTepb1xIdtSrSRYjZRrP7EFyTNorqHtmhxgz7MNMXy5Hgbii-Mgg3ftkek3G-WCZKlSuYFeP6THbjR6nKDwqELh2PzwcRulu3Y-gtFdT_','2021-04-03 03:55:03'),(153,'ios','eCbvcqjQ89k:APA91bEpAjsuTilNDW94LMwup08BULT9n7Zof3CQpaqY--KOt_bWt67Ut6yf1ChS2R8nEVQCas-IuMW8X09yO2WBM1chUfE4jOFIOGAM-rTtL1ovkmtXjYgheea07UeDJVCOJDpIJKAw','2021-04-03 04:27:44'),(154,'ios','eEFO_Sw5Hro:APA91bECQ08A1Hw_iWEdJe9HC0TozsC4QuyMp3mcKJ_P4Cfw2Tlt1PQS4KVKLRt27z7cbJWZkmtbndKGY6YrajkY2BWYwMQVwq0ZyaDQBMVTxWx-wCkfxmdjU3ajolmD5ih-UCfnlg3U','2021-04-03 08:00:28'),(155,'ios','dIT25i7VjEQ:APA91bGxFNY7O6hOo5BBWPN6oPg6cu9cpnofcM2wPsNB6wRo5GGRisBeoG7-f33OX6aUF6dgpkO8sidp2dmqgGgJqoXlnl2bx7v_xczHWhUtni4jc6j2opeMmvz60LAkcg4K_tw8RBvN','2021-04-03 08:36:41'),(156,'ios','dxtNEc73GVk:APA91bHpCjRX02fAkKFPaEA80znPw5CPve-3-ysAJUE_UJeMq5tSeC_0txQstbHdie8k_Hrcz1KFyXabT-c2jlIl8per2Zh0MeQKYGlfXM9-HiCX5n_3APLMgEpRu7XP-RnvJNWaqQar','2021-04-03 08:50:59'),(157,'ios','fMEmeBJtabs:APA91bHE-fn-N4o1kEcGa8RkBUd7GlnKKmfQeTPBJjmmqbIf3MFzoYT3pTja7ToRaE3mRx5QeBLxF0f_q8QOrv2OAbC5vZj8gHoQuW3BMS-6BnaT6eUjCnjgzAa0l_KttZyK_X7jpvWd','2021-04-03 10:05:40'),(158,'ios','fyudawWn0wU:APA91bFCvBJ-NVUwEabwa19QdMYMeI93SYKLpppVZE2Ys8hmoNOba-tSaZ74oF94ln4ukMlgbMi99HeRLd_mADA4z3FLuuW-BDku37TPx33NifGbUSN8WhJWyeanLPSVqBjcsrX8g-JU','2021-04-03 10:47:43'),(159,'ios','cT66ohBVdMM:APA91bHNRQCqRz4qa-fwe1cr0xVWnHHMshTxqi077pqP_p3vSH-5cmwHNXVUWGaHOvlS2uJ9aXKIQWNjlWlQvvrovWbEpH8Cyvamcy05gfpwcjZOIwNiKPOeotoi2sGquecqIZQW2qib','2021-04-03 10:56:01'),(160,'ios','dloxffgWSOQ:APA91bEhGdkHPiQZKcUhkXdWak3WB9ZxvxX2bA8ZSGB2vFYjAzjBNcIl-UqrdWVVqJqAIpyQavi1Okzj-5eEgAlcRsU5N7a-VTygxArlw_f7p2Fsng2SkCivb2iUn00ync7_wg5FjuiG','2021-04-03 21:48:46'),(161,'ios','cq8iqqqq9ng:APA91bGdpmxT9nEGleG8mVfKWim5tGzPrjBPRpOhohPWFH7dzcRmnk7GUGfG-L-0gZpXJFycxjlpLfWPQvakEmDqvj0xqVFKW2hTe35IHmHO7DROB-FBXODswmSyb77d0pBj-vdO5FYK','2021-04-03 22:20:27'),(162,'ios','dgt9cC46e28:APA91bF7mf3F76Yme1JiOiurG0ItBOT4icVokYRxmtpdjrqNGhiMKUbpGG9LMaoKSoBPugTYDNKOlg7lGCcF4furnGOGaN6XKB0vIHadzxX4qTNyZ0tBkjpyUF17SdwNT53WoVAFROua','2021-04-03 22:51:19'),(163,'ios','cXuQMs2V8uA:APA91bEjTE2MoUtNUedrqCB1Sadjg2B1YF68u2qwn2l_PZkpbM_NuK3rVHwSz-inmjOJZXOlei8iiwP0m4YYXd225tFAjPHyxJeZVchvVu3GK4Acq2WvqBgiIF4iNzIazxu71TimKYho','2021-04-03 23:56:54'),(164,'ios','colc3K2FKXs:APA91bEwmE1C5mvr1VYQpOEKkYXmkXKCTIvpJg2eWmUKs5Jjaa2fMsMcPT31OA7v3ZGWRnjXIP4fPYzpw09x0fWj-8e36h_G44-K7X3cfc1d9DBcMHlz-HFmYI5IYt38GPSAXXjmCUQj','2021-04-04 00:00:15'),(165,'ios','dchYvvm-llQ:APA91bEOVgI8HBAR8t18YnhE4c6xQ-IFGGO5Ht9XybTcpI-YPtot8o4BY2_SEmG2wrzsd89nwMjpDc7Cg9PRhMnOYTLiNW5TgM9MUEvBlxn9gJRwV0jtUeDwjg2R21of8zOjZgurCob1','2021-04-04 00:13:06'),(166,'ios','dhCruFg3uLk:APA91bGEhUBSy1bt-QfsV2vjkdUmQcLBJnr1c4DRC68U1_kUs_hGhnh0tMK2h5AdblTxTmX0YCnDPa6pL2TOHy7BEN2JxEzCAdeyC33ibSB2vKFK-oHegPyshzGapq13AQshk133man8','2021-04-04 00:33:47'),(167,'ios','fHR22sqpTSw:APA91bFlhEENvOT5PhPDygtfFmvNUt1uG23MvBPtePs6Up8o_u72qSHHf4Jlw8w8bheDMGgufmqAk77Ro83QEoV9K4I2eDgtFiT1a0v2yyK6oskSL6IOHuUgaH5U8_Mt3rRUA1xNlJ4G','2021-04-04 00:45:15'),(168,'ios','cxPngWWbfcM:APA91bGOSPtnSbH3V2coReLqJBzV31r2ZDru75F_y2U1qSyr_w2qvjXu4nPmAhVgjrp7eQPUFbm7cKGbsPYLlDR_IvWLpt7J82O0-C1Av9R-J1WZ-ZJB2NTcWvz90lowV-hEVf0I_y5H','2021-04-04 02:18:56'),(169,'ios','fYTeZzA4bgg:APA91bGsQhLy7KxA3wM9eipmQPfMwi2FFFZdPvWWJoXPZ7nmwjLmTcYbDCvIXiQfe-xfJOxX-tO-iGZX26DcNjArpoNo8kkOCmIMLgzynHkrlFGLOAC3QozeV1OrVUa9MSAxJhlMah_R','2021-04-04 02:42:32'),(170,'ios','ddsXNzW2S9Y:APA91bE8i2y4kMFZEGWIKFtB9WB90A-MOSDJG9HrbAOVl4cLndhYgtzbsBmDZTROccgEUY6rFxNQUYqP0oBEDS6pd2Ao6Wn9Ln2I7k09544P7ht8-4lj3mLO37VwURB5ac5Cxn8NBWbP','2021-04-04 03:16:27'),(171,'ios','eYy3BLllcPQ:APA91bF4BEopuklIF5OvFG9dpB5ZH2cRl9jRAK59xY-_HXMuNCwvFxJPUMXOMXMv2jv8IU91zs7pEpiwe30GMYaK2pPno_VF2y71JLEnsYxSNjoMb2DIgse-3RU-wLnY9ny3SWhAu5LY','2021-04-04 03:18:20'),(172,'ios','e0n3DBmGvM4:APA91bFOeihHwLbLE4kXqNOfBvafGkcVNyGJXuIOrCzRTQX-oPpr42YQcqYisKwS2-GZaLHvpXtVe81HmS-CpR1v0lIAwSOt8kOtU8SgoL0oMraRX6LonLTZBIINWLiCpwYqxNIiC7vu','2021-04-04 03:23:09'),(173,'ios','eKIWva6ne58:APA91bFO2MC6DcABIDeKEdlROacFYCJqX53w-NsIun_83kgS0Mvq8A90f_z_YVekON78VMaf7BeXG0oJP_jg73q5niy1GnqA2uytCMOya6u06Kp_DExITy8PrIIgWSiGTZeytzVfAJf2','2021-04-04 03:29:29'),(174,'ios','cVa6an4S7p4:APA91bFSd7Hc668WLfCD2d0KmX7iipp95CHK6rg57CbZH7kBTvWG-hrFmLMDKwSn7Oasb8PdkUnJbT7DBcs0xLcSi2bdFNg5vn9Whz3n40SjOveMY-tHChzLNkzSqdSjZfRpAF-M0A2j','2021-04-04 04:22:37'),(175,'ios','cGMv-nulXgw:APA91bEK0xBS65qAjoeLe6A0CFPokJqpYSxmcPcIFqSjmZo0wfV-P_MbS9R7pyDqX4aeJoeNxFFx62oSStvZeNw6prD8GMnj0CJ3CfIkxp3_Ue93X4eTpxViGwG1ogx7S3GgBUQJ9Sg_','2021-04-04 04:54:05'),(176,'ios','dBcWTrjwEmw:APA91bEBdqwUzLa6NeDYn8fDhqwzs4lHLx9waOgMUBpHwA7wpPuHfMuHg23CAhhEZiBpVi9wGcLsGuBGP8fGL4jHN6bQyJTlQaJ7n5CU6ksgNeHN2-96Zkd_UVpyn7T7PSuygGUJjzdw','2021-04-04 05:28:03'),(177,'ios','e4LE934QgAA:APA91bFjr4nP7eS7I4kWNKWyF9-qWfw-ipQGh0nZBqfCmmVPGczjEcolNYaadSyRnTm-bHk4Fq8ci0wmH3e4R4DfdtLAw5qeeVBnw5GAkLFFZmSGy-YH-i3PJ37kMW_uRCe7c4o2sUPQ','2021-04-04 06:13:30'),(178,'ios','dRaQBVTaW5c:APA91bFm6gogO7Pod0_mqa8niWPlLwjJNoxS0wVfojchfhpEQMf1PizImW4LUj7X1DYl-sLXcH2vC2kHPyV9FOBX2dgXlDArBXrRPoaR3bfe4r_WKoBc-giKdtYhPq5tGbtdTK_e42ov','2021-04-04 07:14:05'),(179,'ios','c-wqrTWdtqs:APA91bEzlBpTFdSeUyTvXrovDzbh1E-eZXTXbmComRd6KGkpYjAaJYzzUN-9mtChok-rZklZvhCIqpauGOU-AGMu9H_ca2BKcfveCJSiroAnDXTuFktXJy9eBEGgDQNJv9EZB4Iu8HfK','2021-04-04 07:44:13'),(180,'ios','cEcazwuHx7c:APA91bE0HbCLflQkJgD-QrvNsfp1G9ZIhEq9ZNh7j9yJ5lfa9PROEcPwLpH1jhKKsACuMOnderfGC-wQTLCxg-XiabBuUxrGM7XaAkYhZrashzXmGnxcvbFBUg4-schBXWvna4APJXTx','2021-04-04 08:57:59'),(181,'ios','cf_39tIkBD0:APA91bENxuKC9DXxggglYjv-c8MlhXidEo6KjLD645JKLy3RML-VpGBvter4djkGmnIRWMt1UK4leu3ARv0ajgLUq_sPWs6T7fwSGT8eRPAsGXmMlfIZvYji3JQofJqWinrobCddbQTS','2021-04-04 09:35:38'),(182,'ios','dnRNWFHcH_U:APA91bGsUJ4t-edAXLY_liYio330LtxdEo_YFIdvAgZbDLGYppFQ8Ily27wuT_8KILrYYAZEMuJRd5ARdFZSqyLMfRDVW8mMq61D3IokMOnbl6LE0tBYQqhebF6Eu0BQTC9R_HpAO7Sg','2021-04-04 10:16:39'),(183,'ios','f11hIsE0jYQ:APA91bH8julNQt76_TQIw25X-bygXc2PbBLvTdghdU5R6m6L-AZ28huQWSNv6dptu31gR27PKxSQK-4rBAtmYMYywbDDfrHtpuDkNFn6EE4NJbrBI78KCG5ujBdcmoaqCKOfEwFt7Ohn','2021-04-04 10:51:59'),(184,'ios','fqddEFoQqII:APA91bEgxHHzk7sYtQnazXWALGq2Y6IuzZwqLZt9n-CbQofO6TRSJhMFxZoMVGsimV7ytiHrUGoazpCjRdNemBYj6hacFjFGXwckcpcHQcZCsCAi1x20VFB21C9W4BvHWkSZq49dbdkn','2021-04-04 11:12:34'),(185,'ios','dH6Bp230mE4:APA91bF-WNnmqwq5yxycArWGFjwgJ2Ghoo5tbs2EpkJYks7HjASuwzfeBCWPm4sPIybje9yovDSDP68VBhXgnp4eEfBFizfTsAaVLaYq6TEP-VVQ4Sh5tb50l7sUt0ty25dSW8UVFJhH','2021-04-04 11:36:02'),(186,'ios','dG6OP6XasUg:APA91bHMzBTWoTc3Exx9SaGztjOAn3L4t9xHIfeR5LTrYtT2kNSwSU5LwOuN5qw7YkF4H4y-2cH90iJpB2MZ8kbdMeTEY68XMmvp09XN01wSN2QKoYMbUcfwJFpj2HQDET17dyUymntd','2021-04-04 20:20:58'),(187,'ios','cMK8Fs7tJdM:APA91bGDWy0JN8OrAzGWLwnLmYiNi_jVso2Xkj7ww2Wcc-lnTyonhxMGTvPmqXXxnDlWZX7J828cBegV8qNbLJyTMZ_hFoE3SRe2yTAEAACacelw4LZAVoDAq5oahImrFiKDDmqMl1BY','2021-04-04 21:38:09'),(188,'ios','eQLqjFJg2Ps:APA91bFULJcfou4ZTvUvAqQdhTXutsIYfryyCxGhRMwoG6pdnkeGzXihsEFn0G4QJzfFSnvp1WqtzZjZ90nlmQrSzqUto2BpVen4v7sZme4oMOWafj99CZMGHnpEM1i4WnkRTPDJ2Sfn','2021-04-04 22:20:35'),(189,'ios','fQElpsniao0:APA91bFmGHlJ5yjAatv1AHX2TRjRLei8qj2Su4w9pSJjnL2H6fKJDIQdrdbEZOdyNiREI_bAqdLVHJ0UYGweFdGA0QtP2W6dCisA8NW4ixPGiwKFuGqSull3SIwWxTnN4TxTfJ9LUR1R','2021-04-04 22:44:05'),(190,'ios','flRgko7PszA:APA91bG24X5Eq8UGiMDUNtuVDdyhBxZ1jWoB0qA8KGHTGqDhkcVKtUWbRYj68Ep18M1OHHEUO2czErZEAnu48iOd5BKq0u2KZXERYKZ0Ea8hOiSRB2_ATNzWNiwvU1Vudn9SklWv82Ew','2021-04-04 23:00:41'),(191,'ios','dJhHAKim8GI:APA91bGjTMunpFnsuQrUEyicktGgreRj2W0xaRN4x89TQYvhJ_NAQYwnAqUtxRg8IeNwKVlcK0mQvqJPCfu_yZsvEKe1W3LQTfjD46wVclMHco4iK5E_5zgyn2HoqpIMhvHmNsWyRxxZ','2021-04-04 23:37:51'),(192,'ios','f6ApvB0-Q1o:APA91bFhgJU2DTFdCxxBXwwnNy4Qp8RTGcOL6FvRn5FVbhP2W__aeyQX-mesY2eua-sFF2WX-zYXnhbmg66wF6gvxN_ELhVk_B_4UdkQdENHiGDXyA60oVFZKC9H9FlLgCEqrmU9ET-f','2021-04-04 23:45:22'),(193,'ios','cA3ZDeQ6lCA:APA91bHJx6CRuwagYURcu7TJ-zOvWjLq646vxrG27tScSL1Hn_5f-oR9f02AEgEbiLTV1yN03O-3tRTkpOyAZOn5vo8lx9HDva5I-5EoFgjEI6DjxYwCzVMsKKO3PQh7uhsqZLxlYH_a','2021-04-05 00:08:00'),(194,'ios','cjPMd5jM0Vg:APA91bFNbB6uK1fafAirpZBRV56vetHFJwWMj0yuRuvdaWo1iBPUaO-rHIlUMgDdor_Z5tgc81ONgdKvUPaVlDuZqKc-kxCgITAHVixGyeupk0fFXB0UQizJcVNmQkPF0vABL7tixFRo','2021-04-05 00:09:32'),(195,'ios','cu1rdKn0VhE:APA91bEEzRPcfI7cz1d2wo_z-EhSeW9EBBWJqPJ3y6TNc8hTBmcxgHW4rBXL1t02rGGZFzVrDqQbaZnXsi1ZIYN3T9oSgmqsvJheGUR89HK5lJB4gUVaT4dhgDWtA5oqSjmXZkyIF0S_','2021-04-05 00:25:58'),(196,'ios','cBR80qi1uVc:APA91bE5VcW56nDed3Hk-gD0D24tncy1H5r7F-Ienlsf4ebC35ek7vfMC02l8TMDj3zMx__CYIA6L3MAgf-Mqo7jMHv3osXcz8dHK3MRCnLpvlIdh-x9b38souHhdABTQd49WV1JAhXL','2021-04-05 01:35:59'),(197,'ios','eH-nhBbXDnA:APA91bE2rMqLWfETE3_7QQJUljtAO-PD3XiN-FnExbSezJueD0jAXZa1KQyNNR7ujUjpAgufOsDrv85JaRL5ddrk3SfsDXU4jMsyJYgKqofeZvu16na3stoDcDhAnhXvCZE-Bj-6qivz','2021-04-05 01:48:33'),(198,'ios','cCu-YKv7pfI:APA91bEpFt2txGngWUODlgYUdUYkErqSky4UlvIFPcB7T3anoLFRK-4O-s3FgBYTzSf3JJYli2hsdtP_V3YRqMyxIYqeAi7B0CvOqZcapIUtPMSZ0UxlvmJ5VdzvfJcs1TxWcHr0XLHE','2021-04-05 03:56:23'),(199,'ios','eRv5hHZ_AVo:APA91bF1MSXpl6DXta8Qfe_jEOnI0nL-2_5lJpDP4jrBFgHQbQiRERAUbKNQN_nmDicG8gXYMfww7JdhmjtAOmdnntWRSU6t6chBRYzKK6Lz5ofc5AYOKg5TdXRkcNW9g1HW4Z72tvj2','2021-04-05 03:59:44'),(200,'ios','f59ZFWtRegc:APA91bEIVO6YVG6_ZVZMZnZPdoXhVJ2D_nH-wormChfzUWinCrmGaNoZH1BH5fdxBCwyv9Tuz2kNjyhVSeBDIJcfk-_48c6uUsj9vR7uq8061eTlEyoqmmAUUOqOML37WCvxQlrwSnZW','2021-04-05 04:35:22'),(201,'ios','fzUTPrZtvbM:APA91bHQgzBUG7N9g3mFa0kJ3YAS3M4k6WfhghD53nDwN8hwzzluIJaF5kqd3nIWhKCVcZSB7A1V-Jk-PcULvLCMQgCDS6cWLy6DpoDrPP-__rtgtXlBrnh_9TnJCmLZjlVx71c6smqJ','2021-04-05 07:13:30'),(202,'ios','ebGl9BqzCVc:APA91bFzFyfLMIpHDQ-JTQm3lTGcEoln4s6keTP-JglkccE-w7ulUVSqLLLOC0edGJdIxmIO_k3A8Mh-dGaNn4HFG64kOITrJ8kzNRRh49zIO2sh6yee3lOdgm7Hu8DWWhM90AF1UttO','2021-04-05 08:39:35'),(203,'ios','c0w6KCauXBY:APA91bGov-bEtQgrIhkTEN1SAF-c7Our4fZDsT_hAX3NtwQwKtuIZcIN9bTR2SeXyCbJsK9C4iK2Ws7xQhorEIgn4myr-zsx36cPxuZ-6gFeBngL191wu7XT76wpvKc65sjMDhpIhjh5','2021-04-05 08:40:51'),(204,'ios','eCCBXA4hoS0:APA91bEZnyKZuw-Wj8cl9L1KsrXQaH_dCDbZxQUz5FFeHqohWDBvS5U5yebAAIoVk9-JlDLnGiHq3o1wD6M5Pn7sm73eTkhlh8I_vQnodhiusS-4wLNb8Gp5utVBcNLD2nwIqUqGTsVi','2021-04-05 09:16:06'),(205,'ios','eLr8cJe1zE8:APA91bElcvjyExU8EGM2OK8Ydhx7erDbAB2QXKPN68Xh_ZNJOvsLKQxWo6-DvDxSCIOrtRVjWhsIk-Odvk331yyNPfbePYKyGsl7qPKuulCu4SLgzfnhSmlIdVzzcGm2SqMgOrH4HzvC','2021-04-05 09:20:55'),(206,'ios','cTDTkb1tIvk:APA91bFNwvSmIYuaGDlkoOO8QMH5kzjTS-F8_ijxrX5pkpwEUd3ydZTS08DlBJXrKUCK-24yD5ZLEJ_8IP_3LCgFv1vpGAExkuscxWB95MkYELLe2tWBTi7X4tUlUScHRF8g6Kzf0DDU','2021-04-05 09:25:49'),(207,'ios','fZia--Ph4ug:APA91bHgW_2Ucg3qT9AnCMIOKPI8hRlK0sUuCZxldacGGjo52uG86CDsQCDtwKUIXFATUVFs1UJqjeMrGNQ8K4YQf7Mw_7n1Wnln-_OAx9juK1eEBbkaW9gYPFYY-K8ZpwgbX5zy-KZI','2021-04-05 10:03:39'),(208,'ios','e2-IgTiGhJk:APA91bFykWXexNQ8UGnKu8_j1aXbG-BZOzUvqrx3O44HjjC1N7BLwg4rmYFLZNNoy7UfphNGRti-LSWyCmmAlPuj19p0XBuoVrBBGOmP06uScE5jOz_rLRaKTVmNP7_Nf51nSZ3TT_kr','2021-04-05 10:04:10'),(209,'ios','civ_E3DasTI:APA91bEcbmPEDjJdbTXIR5sYCR27RzE2hzEKOyNLzwo-RXpS9lpdGNXVwawiReVuHByQo-tuEfSExajOSiPFZ-cfTVbVnYuLRf45pai09RPk44sGd59ObBQrsXbBbCigEBESOtP8Qd2X','2021-04-05 10:16:50'),(210,'ios','fZIAvg0nChU:APA91bFNj2kjixuubrxFXlkXkAn5v2HZi1JeRW6hVaBf7_z80_3Mm28SbB37F6hN_mPCbLO4QpOp_jX8no6ebF0BrrKOoOzPSo35AxO8TVmGw6hiZNgKi6eyBCA95jOYl2lSSfZG6pk0','2021-04-05 10:20:18'),(211,'ios','fRh55ouSDFM:APA91bEmqK1X2qhGYlnRzCdVCag1B8jCOFa3InR_7wNQGsdHeoBhzqBTrJDeawQwZ7Mo0GlAvp_mSO3yE61KgJ-Q0TZPxzbwmYlKBSdZGOzepACpii-w0VxVDDRP-LesV2I3UT812HYR','2021-04-05 10:20:45'),(212,'ios','enbx-o30GxM:APA91bHWLt4NEnceof627FY39kMv-QrkGuvspgwVM32mZQ-eN5vRR9XJAZjHiLt2GjnjjUb9ZSANyLyYp-1oHkFvWNX13SKr3Ro0TL21HrfR60_CNK5IrgNtUt-a7hIoi5J_SbmqYLxS','2021-04-05 10:32:28'),(213,'ios','epWpSd-8tLg:APA91bFuGPeoqH1F5sjZ6RE-y5kVTpSyPKbCZHiEdhSLG5VLevMGCjUz3903SgAzcEDHFwIXgEUU6XRzEyCzepZfRzQEE7dpINQtcahGrR850smJ87-DyQipTtzybB2IeJpv-0rtmzb_','2021-04-05 12:17:05'),(214,'ios','dd5dQAmwymk:APA91bHZWf6oMoYtXb09yC8iCx97jZdiASpN-t0_nJib9I0vJAW_44Zdtebc2BqbxoxHoEeUvNJ8XDe6QFQT7WJ7s7htkz3nL9fv8OPh0bC7YU5f5_C6NS6h4hSPSCosJawGxkzDTXAZ','2021-04-05 23:41:00'),(215,'ios','e0D7B4m62do:APA91bHWEy_i45zImQmd9_keSy-ufmt6W5FIHU755XyBigcm8UlTt-J871x6NvtFFrxxvScW6BGX6--Zl2NZdXM_4UeaWkURPRsW9BOmrrSrGVn2UTPS68TcHV47FHGyCsA0INBRZ0ww','2021-04-06 00:08:49'),(216,'ios','dxzJN0hN_gI:APA91bHczKWxpEtZ9YJ89b4hAU60C93wY2HkH7KgaZgZghqR_drrvHa1ntxfTSYzYSrBhS5kyeXWZxQHZXThbqtOjKmzzWU_UGbcgq761suMEGZQw9uVFbffkAAlRWzyOXb4Om1iksk-','2021-04-06 00:52:04'),(217,'ios','eGIIDuR5LVk:APA91bFZEkmnYdF0UREIVYxQT6yjOzQpD9jD2HllJ5u1A2rWKVGr-jMAEc4TOTG7BI_oa-tBS9opQwxNcTf4mEKgbn3dF69LWlmDwtLmchiE3QBjfCtXMbYnXU4etlHaDGrZLAInUcIX','2021-04-06 00:52:26'),(218,'ios','cFAmcQXukhY:APA91bHMQXbcObGn3dUKXGnXdrOBGoZufL3D3o2H0-KSz_KS9xlNRMxh6ZTWJsydxdfIQHImbnnVDIIDA4hzBgAGzKkS4aW9DeuGKqq2R0DZHveffEq7uiM8-NtTppM4TLO_yHflYRct','2021-04-06 00:57:19'),(219,'ios','eX9nKxWnrcQ:APA91bFwLvNNMj8godseOBxuZVXqCJ02nzhgUy3OVnwzwiB_GIhjsZPIUAIqePMgVNzu0haGPgAXU2-RZotljCbiD6BbM0Yfd9R8ISHRJsMsb5KhaViUWiMBb0A5uYnerfI6ydcDSbta','2021-04-06 02:55:30'),(220,'ios','dL7B3Dx4FUc:APA91bErpVfpD9SE45lNNy1hIcmQ-FjuNZg3I1MtVyb3F8Jx-KQ2iZ2_ck8UDN-6bUrMmnX9-0EiT242DAO5RI-ycdgndJstmJshfrZQSPuvo-zcvc7ces_AGBCTCsE00SFfI7gQwenp','2021-04-06 03:46:49'),(221,'ios','fu7VBlfnFpU:APA91bEqhTE2ILW7gjGWdCk2tF1J9NuaJmQAEOqF6MB6iirOVukiya7jOhIUI9q1OJYj_fd-6cUNY8w-G1gzl1DfWWx1DvGvIK0A4CIidQ9_BKQQDm2N_Q69N96bS4l2FQOa_mIzB0tu','2021-04-06 04:20:27'),(222,'ios','cStCErljLSM:APA91bF_snQA20gLYtyzUJ4Wp1kWoVJQUEC6f0sGNUhmTS_XY5d3w3U2YO-uKuoXkxeSnnQvwvtg_0PwZct24kpuqCjh3yW6ObrXtXWDSnO-ItrxCJubakLOWQsWHkTTddI4uEeD-Oaf','2021-04-06 04:54:18'),(223,'ios','dDSxTTS5neg:APA91bGFiRkpa52b9BueurZHrKXsVuzvmJZmaaGM7s9zvgdXgLe1UUkS4I0ALnP8svbnTUSWe75aH7PDyKnDQ3fBo-6q_tDAv6jAQBV0vUfqNmiRzNdbOZCVodGVMTtbWlQTyqrwo6W4','2021-04-06 06:50:08'),(224,'ios','f63NcbEX-78:APA91bEqPLF4YZ_BKa8CR_sgNUehCFPGMyowqfngCxofw9u8nHH74u2rrTcekJ5jNGuAx4uGP36Wp3idLxK-SG1AXIOTXoPLnuscix6fuUXjDOQsJbGGD3tCAMyDIav069SHYLmDZHKf','2021-04-06 07:24:53'),(225,'ios','eQVB9hsAmec:APA91bHvgyKTJPTbGaH5pq5tTSgtRNhFKms1kM-P_Rc2C9tcIVotZghlT72sLyDfwzJdlI3YtWKnbhO9FusHUOY3KLNZ9N-Z4mCAYbWkgvxum2nL2kP8X-w_maYnns2_LW2RoJN6nEBq','2021-04-06 07:28:25'),(226,'ios','c0D6sBmvTok:APA91bFQdlyyAmMJsoAoND2d_Xps_ETTvQSSXsn-MlbXHFgt-lm_P93dLePVexEov9KHpeQvoplXcMpbncE6BfGMaYSeqD_TIR5kPO6T7RMIwfxWpty747weKrWWs424nOPJxUiU6SGs','2021-04-06 08:51:06'),(227,'ios','fZb_nz32rFo:APA91bEQ2D2J8kiAZgQSZ-2i5dpUUjuClVB5ibJOjHH-9dG-5uXo0HIkPryM7lO2bIJ1v8Go7ub4MYo7cT4u4GMxo81OXbSgoI0ouwC51JqfWo1WAhgJ5GhxaSxwdVIUt5sfMIVu-B6M','2021-04-06 10:38:13'),(228,'ios','fLJI6o6vNN4:APA91bGYMRuFHY_3PWsLbDEer_1wtajNIwdrRHmT2fXVyFpiwPlwcHcYflpnckyi_my6hve0oEq4w3dDUOEn8f8NIg78Nfm6SDhPuUoFMFje09iRd4LkAHHMS4op-5Zz4H9ygqMVHb0W','2021-04-06 10:41:40'),(229,'ios','c9wwKcNGFY0:APA91bGw3kHg7520XYHoBGbVFq3BSouXG9zkT5Lltv4wV5a76NJKUW4S6X1E3wS2CwuwEUIytOXTLF479Cm0aSUMAMKCZjqSeWhroSPF6CqXPf5n9MAseDqHEI93Yk19eJRDQd0EWbYM','2021-04-06 15:47:34'),(230,'ios','dMYDoDfh_ZQ:APA91bHm7obVCGyVOHucZcJhpaYlsqj2TOAiFrffVZ2P0QcuK0xUehbqDdT4UNijwl6Vf1FRRrcH0m_xcrHT7ijhzsOJApcvywBaa7oalLrciSWayPidJmHbSztNw4vxQ9idIlHzbPo3','2021-04-06 21:49:36'),(231,'ios','duPjdGooaeo:APA91bEUASMBH3qFEpRoqyM7Gq520I0xbOAcayoqta4OAzuztSCwAK_93R8Ek0S2mLgTZgtUorSo1gSddlkuiKZpsp3aXMYu_1gznegCyK4u7h6ytyMNwKJuCTqLz3qtOudF5NuFbiWq','2021-04-07 01:02:41'),(232,'ios','esFnP_b-Ks8:APA91bFP_Ea86slwzB7ZvNLGgFaG-lVzLU4LbKVKvDEsIBn6pdF0x_g0NueGbdyMGcsXcoN9LPt0DjZ5VmM9hy_ZDXl0-jr29VGcjdzjyGAk-iAaaf_Hlh-FyWijwTovsWhSIU2-t5JL','2021-04-07 01:24:14'),(233,'ios','euiZapD8Nu8:APA91bEgBXwblN7-xI7j3UlQNxjDXgWl3xpCo20NOyx-W8UwsN5vhTDnF-kqRsN4z5ddxmjslaaWg9pbG9y5YZL7yG5x_JhaVKZTh6ncoqXSL_R3gjAH4nxSDe3tw4vPyLM5mRId0l2V','2021-04-07 01:57:02'),(234,'ios','dh7jAwGhMRw:APA91bHi85DP2pK2gnoQBnqvGHKywYwDxfJk_QQMRG0R_y7PHM3mN8BWFiave4DyKQWifxsSoCddEOF2_GvXR3cDHDV4N4uF_j6UWK5JxlQ9xeVG_vV4UOWXQo9uMPiXnyy8OZe7fboK','2021-04-07 02:04:46'),(235,'ios','eArROMMWmo0:APA91bHiF4o-21E32cL38Y8rU1_HJYb9qJB3QDc65f-gtIfMnDgAEOi2DX_5AMecnjtbptvi7sgakQwxMNiUva_1GHMJwDF6_snzqQuS3_AudjfB4X0fiS19ye2JzxKt9T1d4LZDKk9i','2021-04-07 02:32:41'),(236,'ios','cq7EDXAzK3k:APA91bG_TfSzQjm8TFu7Wip4ym1-QYpyFIW07lsor8O2OmiRYG32z7aYztOEE_NoqJB76_zRbPdVYEe1fRmE_1VGsrmWDzJBYBcw9wbgfIVlD1N_3BqDJiGXvG9jN8OxJUAum8yOsyRU','2021-04-07 03:10:10'),(237,'ios','fS5BEAMWLPU:APA91bFZOPjLQaTeYfT7-lo5Xsbi7eJKMXErhXAAfZVuKMVOdm2StkYXPLCLyrW_QUx8s2AzyI4cp2Vy2MSD9xjIzGCytRobgWC0DbFfNle9d4SBbZkKMPwNGr6JPAFObG_QZwTn6Vmf','2021-04-07 03:10:28'),(238,'ios','fm95divQfRs:APA91bF5_Hw64U3Pnws4PrlKk9pAzzHhV94ljQRfxGLjXV1gERTClNgXMyqahKME6RDQkk_NK0YUU3VsWBdpq3jfTPpnjBWC9wmuPg_Vsh8MTFnfZevO5A6zYSSNF7t9rO6XXI7yGFPp','2021-04-07 03:20:48'),(239,'ios','eHbpnx47ZN0:APA91bFvBXkD0FpzwNCsZ-64zKK7lxeLPTJsLVWuHhQ5X58Z1XGHJHtpzDcSiWboQtQUTkSCVix4U6lgAsDIaQeNNLgmTbwWoU9OK2SW4zpQ4P7tfn28tYb1llr-jbIvic169KFAN5St','2021-04-07 03:25:28'),(240,'ios','f9wbsX7aA4I:APA91bG9eIiidFTTMQcb0ecvRl5qssa7JvAzB3QcNd8ruVolnv0FX5jTkbRD0StlDWPdtGo5GBP1EBAXsOMgD0NMh47WzBMzgx0K8NBO2adBzhfoPDKGUIVV9luoy0fu_g26Wjxa5yLP','2021-04-07 05:06:44'),(241,'ios','cNuYI79g8zk:APA91bGeHwhetW-vzO7st8IZbFtzd8t54TsNnvMea_kdzh-iyeT4Py6duAwzr2y8kRlCvdOO7M-DOQCltYhSf0hZvnYFMU5xxDFeVRUbI1JABtB1vrgoVwnkfWok_P4IsPpU4KZxECCl','2021-04-07 05:31:33'),(242,'ios','f15BvAb6n30:APA91bGSaj6msoJCjz2nnNQBus9b5L2egjW-0iiqAWneHteBlVowN92Ry6YibrFn5vTQ-GWjaeU2GcuHaob3PG5EqdudEGwxWOunklFFu5qN-SIzszDVGlaLLVTKnthYFWOD1eZS5UUW','2021-04-07 06:53:33'),(243,'ios','d5DHh0cbHYA:APA91bHojN_Q_L9dHwpwjo27TT2f7j4F7ELTqBIQjeKWjtcgxEpMe15k4_JlYoAC1OTtBaPylGi_Zy8tGbafW6UtZNhGvMB34XJfZcSpuexzGXgRMd0uF_6pPO4IwcFWBJ8DClOydfCl','2021-04-07 07:18:56'),(244,'ios','cxAPXpjb-V8:APA91bHSS0AaKExsrfhzWf0gCuhS5gsd9lwNi5oeTd4Ir0Iivswo6qAN-XqK8KYQ3bkkO0TIEpNymG2yEyQ8Man4i90td_oRK4Hih7bU02o-CscQFHcrZ3qk5hp39eP2IttvWNByYi-I','2021-04-07 07:25:59'),(245,'ios','fvRzm7mNeT0:APA91bFQob0BxR4nlJZzBOsuN6ubkUIxT1ohLQvD_0RtqL9bVgu2xr24k6gAzjqbyKNxU4Lu7d8RY6W8qUFMaFhtvKgtjn47zr_UTokLTwuOBwek68uDvOFz0q0LH-NCg06yACbCzKi8','2021-04-07 07:47:05'),(246,'ios','e_H5N49YcLw:APA91bGf0HPbY5mWfOS8ZAAb50mXSHuzQpg9rdEONU9LQIlk47JPeY1eIki6FT68_V0l-MOmPLXihAhz21h_WAphKd2f_6ACMUY2W4xLhdeMx-F-_uzQqEx63Dzu53CX1D5Tx6MG4ckH','2021-04-07 08:03:02'),(247,'ios','dihpzNlcmL8:APA91bF5S-lJEFz4Sk_FgmDR2EOpsmGOqrml-dFsDsvqQhd_68Z5ukeu_0mTKB0185s9_wpfvJ1Y7nBiyPJhXjQbUG4dtY7FLXRm8S6K5P9rJ3nTfLeAVzdA98mrF_e1bMCVSQRp2BvV','2021-04-07 08:04:49'),(248,'ios','e5J5vbKpLnw:APA91bFnf-ef0LntkNe097a_ttFRO7HHQ4gatgzj3MNPHQE0ooN4BNxTP5nlhryace4vqpFOPq1uMKXrj5MtwgsjZl9OBmkQ2X6yN0i8FZZbdl3NtnmnTBUyOfemccwTOWx9ibz5lLdm','2021-04-07 08:50:58'),(249,'ios','cFH8URNtTa0:APA91bGlRjWfgZJ1nemqzx9FV5gBTXkAbAjQfmH073O1y1iU2-BjmI6hBYbklTMz_Eg4ex8BbUL0u6wk40Hef2Fv8Sw7dad1BUo0RQkHfYGhmH57V5s-Zu4kIApUWhQG2MmoXStXd0EL','2021-04-07 09:29:11'),(250,'ios','eKzMYitaOLg:APA91bGrHYn0hzJ7EucTh6cSJXsrLRuwH1MVw3xoXQD1yLrbcf1wx8hPxV0BD2AEXCIsQUEhfpvj66lx02vpu3VFO-nX77BGLOf9iDAkheBK8LGVR7UO_T0Znwd9vKyXJ9zOOId5OhHm','2021-04-07 09:51:14'),(251,'ios','fUVdxHnjgu8:APA91bF8Kl-SGs2Q2KGn1lCY5b1qi93oypXf_IXthvF-2GPxEF9tBw3rH5ba_dA0nES8rwvlCVJ8gvGEY77OzATM5ghwR_MYCGKkYLkZLfbZsxK-YwpQQWAreyHcLNpaNWViL5jUI3SQ','2021-04-07 09:56:09'),(252,'ios','fDl3TdaI9ZQ:APA91bGy7_OYeratl0Y4QALuCb7XWeDZbIdNNfAWGHi_XutugVvHRUAx1W7Orw5QULcoH7SD1AYV-DJCSHqYeh30Zl9tHFezSBvGeIYK9aJY2Eb6SeQ2-2cw90s54PQXZp5xARIGH27Y','2021-04-07 13:32:18'),(253,'ios','fO7dQVX-39E:APA91bGEBJoeBnB8OankdyxYgUg8tQrhJ9pd6zYVj-NEFlJIZKYL8VVyJGA4JURKoiffziEL0S9RudQlbnigFWImRdC7QCUVyCXz2rgZCT0O0AdGwkmruSCT5A4NukS2eoi2DRbaxnb1','2021-04-07 13:51:36'),(254,'ios','eNHCO0pxl_E:APA91bFa7FtDtSvO6xljvQnmytPesy4RKA7ZH_ym8x4kRXh0LKIESyx0iWQ-hcX7mkL1iF5l_xeSb4PM7psfggMSpdR62vWKY43VwKF9oGIanqLjeLBEawhvRRw2BrcKjkyuYHtrcO3x','2021-04-07 13:55:54'),(255,'ios','fIHRd6e6H18:APA91bFKvjlWClhTMyVnw5SG78ZL3Gvh9rRvce7TUXvMvqAHwaZgtHG3TZS5JJjKyJGy_Qr7Iq3rhpuPKcIx7YOsXMqArv2YNILw9LIoS7nX9RzZPlNQLFtbLn2UqzamtqLQeY7oObTy','2021-04-07 20:12:45'),(256,'ios','eTiaeTqLSUA:APA91bHLJIblp5CeTniZnV0OQRSM70OmHp5-gqpuI8M2V5Q-OJ5dVUWcy9Q8JHpxkRSitdatKSMitKpQ7dVPFoZDNmgN1_WGW4j_iYE--njR1KaAtq7IoIcPcqlwBdsuTj5f2lofoHlL','2021-04-07 21:02:14'),(257,'ios','c2skDY_X-cs:APA91bH99OFjicBHdlT8D3iHkW4ytRiyBsjDt3bz_QuCpc4SIrthfpddDej8DOzBF2TUIORzX6NolSTPGvIqYW4gywPqAlMpXWUS1IOlrQvi8UY4KDb7EwNXwX_t-Y95FzYf5yANNudb','2021-04-07 21:20:34'),(258,'ios','fnP2v9s027k:APA91bFgJS1bm0jXBvLxwKe9hzs-0SXKUFPg7joOkFAC9FhHNiWOS50Vn_3ya51rToPAMXRiL7cZeO8c-PlAmOgBEGEm9_xWxhXFPJfRXq1FYl4cdscbIQxmmNPbDIG8D584PSunO88Q','2021-04-07 22:23:21'),(259,'ios','fHuDxKCl6Cc:APA91bGXnoNffJ4GFjwE3S2R3MBN0z5OhG01qUDIl4SHMKSz6dyPD19dHmk-Cj4H5hdy0P93TeEIDXVlfbng07mvPO6e-gTRfVYzruhRjJIyrmh8Iar9UysMSl82Vo0_sRD8wqf8_98G','2021-04-07 23:51:48'),(260,'ios','e6b4ssZtnmU:APA91bH0wYgKbIH70UTj-YwY5hf1UZGNqikCSn3PdvDLrwa_AoOoya3JepVu8Y-dtailWIIk0ldJr5Hxf0A1c4UgWdcEw1AE5Fzq2wI1jhb_cHCxpgVFY7A0HWWqk6RkAzbwzvTg4s_a','2021-04-08 00:38:05'),(261,'ios','eV0J5SUinoY:APA91bFybGbUio-4IW4OSnGCMiI2Sn2KJ21yM_4BwdSWMaUpSFisBdjLQZubl2Vw4Xz_Qpp2qhMvldTCgcqAbQw37Rvt5zA3yYS4_PGPvxXRrhT0Ciod4JRbQ2WbOjhZuBtSN4LtTOV_','2021-04-08 01:01:02'),(262,'ios','eK_JyHe82T4:APA91bFsbnxg3HTU2LcUpAklwbmDgJ0kRV7sgNJ9AVtjMz8d-iMCC2bARe7gXKHsqHtlMiErXbJ8P1k1IYjMQ-Yxsto7E16K1XJWDhA8Lk1XA0hSwjR6h3Dly6JSJtIXo3vLxo4QegWJ','2021-04-08 02:40:12'),(263,'ios','dBe4EZomH4s:APA91bE-LAmo7bH0uATyd77TVXEa7NpSg5izBvdyDmpL4io__fk53Zj0oz6mzZwnkBcAJmMPefVJ0KYNk7Pq3bavHJ_XBHyM1cM1wULLttcFYeSOat30ZsgFUn63r_5npxEn4-lgu5GW','2021-04-08 02:45:22'),(264,'ios','dVot5jnLNB0:APA91bF9qRsLZmCCyyArN9EbTZ99tZ2VEX6ybV0E6U6bVJQkZ6kWu3GmEr8pIKEQSGe_Q3gvwDvXwMDynKeVmhjIfXUNGFsl__V9g6hEOmQmu1MsXavO3XRKZSH7r-yW86g4CY4YDNmb','2021-04-08 03:18:00'),(265,'ios','ec8EfGcruIY:APA91bHuJmFV9keLX2P0Wz2plO3cMNRcCVKXyg5zlFWn2zA2Hp69OZRHZPPD_i4MSE-RyVvfxwddnbISEQf2RA_28bBKDCXkTjEu_EXoHmaMW14qTL3CCfBqxFXLcfPNjewcOHMAK3xe','2021-04-08 03:23:54'),(266,'ios','ccQ6ZFvq-tA:APA91bGU16wElmaDUD5BPgvzyekbJZfLUSsLrgL1OVPGnyJUQ3NmCMPAITx018X3tInjILc1oM50wBMwTN4ajXBuRO_CikakX7_ig4zwyiwECd-h7Tz1veO6Nz751amCJV3uUm0-JoSQ','2021-04-08 03:36:03'),(267,'ios','ef8v18gvNSE:APA91bExQ8JZqOSh37ElCXDlnhp2M27n4eUDaapuXLZJP5hBmO7049LLsbJ035dDYJqTPJFj7OQbq_awgaw4FRwBQGM_iVc5F64ybuzkbEPfCc1pkTKKYjDus7m1eSW5Pqf2yYUqrYmL','2021-04-08 04:20:57'),(268,'ios','fC9H4ZPW-wI:APA91bHuUGfZT50s3JXlljEXv_dhJTYumuS-d9ubrneFwcQ8aHRAK37wTKcSlqq-E35oIKKA3y5SaR-pslGmKlIU91MN8ZhIloHvoHdHzGqvQQJbtvdVD5615ff6rQSGBE1rqYGyBJez','2021-04-08 04:55:08'),(269,'ios','c3WsqlPx0Vg:APA91bFB_98Jf16ZFPI2RzgTY0IxbnlCyiArFvLcG8HOndJljgUoojoI3msaRz2krwqSUbe_1VlhhC1A_QJ-G1t9fyLJB6M2-gsZCtRQ4L_K7htGSp2rJwM9ZiytX-wEd3OmCcwdx0Yl','2021-04-08 07:05:55'),(270,'ios','fce7kOt-M2g:APA91bEaK_csC7FkOe9KSBvQr27Wq8s7fVv-8Jv2zmAeG4mxS2V4SWR5r70ykbAAMg9tj8Ww0rsyE9uPaohiNxr7nPWnvSvD_szIAkRm0w6TngrtxYZ6FLqZssbjhgm69Zc5D39EJAcv','2021-04-08 07:24:50'),(271,'ios','fjQClFuEpVE:APA91bEgw2RYTp1SQSoH5FHWUWbsy31H7w8inEMoPwFo6kraQrIHD-H_cHaNBpGgSQggzcutHwEDqSwOuZI4I5LqctfCYkeuH6m8xUslI55NKllxiBUfmSj2FvRW4ddLUt9BR5nqpMbN','2021-04-08 07:52:54'),(272,'ios','cmKRvryAjoI:APA91bH4bZNwUQ09Xnu4y-ArVAJFFiFeCvQFGOX0_jI4i3gHwMx5jGkOb4Ucln49zQtBI1gH5Z4oLqRN9-yCxG150Z8UgZ_xt3Y03insd8qBgT1MuXeb7ckK1Og0DKQWAC_MYuNGEx_q','2021-04-08 09:53:06'),(273,'ios','e2EAByfZRMU:APA91bEM-Q5qnUXVdVC-Qsemde4fBbAOZRtRUoGuhRijsrw3SX-PPiMgYbmJt3EKBq_fesUMCgCroZoh0WZkR-1LZAPTHFidNPtRbekmidkX9GRMVO4M9OGb-Uwrs0khX2_qRtU5POhr','2021-04-08 10:00:34'),(274,'ios','d6gp5fW_zh8:APA91bHljSg4DdNq2LBzgQc3MtJOsgTUzKSs95-7jwYiE9kghjcIlvVQ_-ZThTy2JSUQYpqxkjshkZ2VhMtuQSWvCLJ469_7yIBNxcydUwhJ9ZsBi9kzniXuTaR1b-KGYRO-9DHwG37f','2021-04-08 11:08:52'),(275,'ios','c5B6jGKkffA:APA91bG7Vi178dlFQF2Wh5WlC2OM07Q6XXduS-40CL9ZtQz_7PvIXeue7qbk7g9jLuKGerUbd2LhwUbqFma8g4Zap_gLNPB7NA4BHCb5iblCK5JAiwda6MU0d_zx9Pj0sjY11C2qAtFu','2021-04-08 11:27:08'),(276,'ios','dHRNeB4cMdk:APA91bHUFW5EHsYrTFqqbPXt1fAP28VTbzkAAoYAtwrjzIL4DTQUWtMfL8f6D2T6W0jmmDJn11ryyYVqkfV6U9Ud26RdtjH_J67v6MFftgP-MXzNy4i0wZbgdW00z4YW8ONypadLC8DT','2021-04-08 13:47:04'),(277,'ios','fAbLAWinJ8g:APA91bEJfByTcTwjK02vPq7MIQEmOssTzMFbClfOH_qUj5jr9zltd_siZSAqSh5Spho_Pr-5iH8rJb9vbtZSMuT1vmVDlQG285XMSe6AvW9OWME8CElgsbekQQcMIpMsZcC8yRjlExqr','2021-04-08 20:56:08'),(278,'ios','e9neHLnolN4:APA91bG9PZqKCRLn_J4Nqr7tirhpy8FO2hWD10z4TMqhP1ON87OA_AFd-rwaECfPWT23UVVMUvQfWg9KlvFpzuluvkfAUoyt4GgeUerK7HgpzWyDAccFhUuzD6HtX8Ttj-14ts3S3U41','2021-04-08 21:03:23'),(279,'ios','fwjOI8TxUps:APA91bFZip44N80HiVLOGNRZtjMDvJT99Ah0x_jHktYD4OPmeRhPi67Y38PzmLwWiGSBgR8tLCbxzpnMTSDsu_0ailS_DswDiLfqdfp52ZFEa9YHteJEAAP9H5YCm38OJbP5jrORSOO6','2021-04-08 22:13:33'),(280,'ios','dSnVUeE5l_8:APA91bHYdzuqHMprz_CE068Rphbl3LSpdIm8PS_tIQaFlkLGx23bB28SNYAX1B_FXcfVBxBdAt6-Yekiu4gCel4M-HFohpQwNWUWrJL_f4jqkZStiX4UQe7hOllNyYJ0sT25v0_yL1WN','2021-04-08 22:45:28'),(281,'ios','cKaZNmSrhvQ:APA91bEc-qFTwQIKOTLmJMBcnvZBAwgzI3F4U3FHpziLoqGSDbf4BSRYjWLWnqAP6-HEYbtcgyTe1WkGQPilj8NF3Y7sRTEaVNu7MTx-MTbMdR-h18GZ39rUHc-jERtf9Xu513BgpNXy','2021-04-08 23:15:43'),(282,'ios','d4Qo2AZ-SYs:APA91bGQauaKoK0PdGeRgO-515Syk4FuzYPEKhUH4x23pbKUFVh6JQZnEGkny1KiDS4pUz1sWTvhALMdve1DJg-WrCDswktoef3RNWV1ZgTyjYe885eh5uzoXAtk3huxoTlmwIBZXM4i','2021-04-09 00:21:03'),(283,'ios','ckSWHHqFSHs:APA91bH3P2vP887hHyR64cziHPWQJeZ6DS42FeNxqYtObHCg73O6TS-yk5fMpXbF1HlAlRArujRdz7FukWk05AsCC-tQaKTeNni94T0NKKi1yPlJwSSHxO920T2tofvQIRRubscDHHUm','2021-04-09 02:31:53'),(284,'ios','c5XQBRHucPg:APA91bHYd7HQYCnDjDNSJBG_oivfQnaE8yo9kL-l7RSCVhUFWY-C-XsQu-HMeWcVwR5GUgDqRNoqn7FbUh9cIV72UkGK-TwQ0K1CF9KHHbotcleQbYU3heafhtPHOLIL9tlUVZw_N2lA','2021-04-09 06:32:35'),(285,'ios','dGehD2gbLsc:APA91bFFs8djcbl00PjXTy8Vw1n0y95bgSkJOVW1rsnlfJ6EPMPdpbtn5M8dzFHpX2WbDAIAk2BlQJjAMHpbscedH24wzYIguKVB7Q9jtCYcb-ZXYoVyweuXSB2ucuJfsY5hN5Svhzvj','2021-04-09 08:04:41'),(286,'Android','eAqNgUZSJiY:APA91bGDyFICKCh7OKtp1Rj8eb9_VtS3FGTq3JOovyuCqV0_bPLT5IDgEonUYI1NATP17biP0ryJqM7_mdAVZeaCBrcHP4UORy4w6O5WlXH3ZmOiiUczgehqNx6rlRKTKa2nLM1ygDXv','2021-04-09 08:11:28'),(287,'ios','cHUM5Rdl2S8:APA91bExsntHcCB9DaBFgvgmgU5gpOY86DcHJ6fl6Bdh0gh2CGh8ep9-ebnb0mTS6EOfK9gnkjF6Z6AmOM_SzLxB33ivrmYPaiyv0ISFdHkYaKBJSXZhOvVsblyzGqnWgUzA4gzkBXOG','2021-04-09 08:43:59'),(288,'ios','f0b0Pa3pUW4:APA91bFTNAG56JP-xUtabcDRsGfm8o8AmqWj5DpM3QMH6C_kfYK1KQMDCRVrQfUI-2p12pmPDLLd7RkKHZYm3Yn5GvejrM1i-0KiSy79Tzd1Q4nKRXC8tM10Ml-L8qf1B5aBusfinBnB','2021-04-09 08:46:26'),(289,'ios','ddnIwrP4dKE:APA91bHwlC77_DlmsF7dLNqE-imo0N_TEaphof1EqoSOHa5gbug-0FJQdqVchEUq1E5DXIwTATt1LSQpzZRukn1YaS_UmoIsCpOSesexyqqneg0osmX0WUrdFHLsA5OtMZpAGerPQNFT','2021-04-09 08:47:49'),(290,'ios','cp2Jq7Ydq8I:APA91bEOJZp67QUjKDo2R4B19-om1Cqg9t-VqT_DuyiB0fVCMhI8JC1Chd9DJWCYC4eJDyJgFL84ZFnG0-xS_244miZPfYhFTn6MbSFVto1jEb-wbzdhAO_baTRoL1jvYgwwBfTfOo4g','2021-04-09 09:27:16'),(291,'Android','eZXL0ldUXxs:APA91bFOJVqxENao8_zr7SLIDAb0J99e6UpiYvGxTKOVCde7R5u3FUDZmL9Qkg0hugw8heQXJBpIzCWfUcJWUa66bGVTYZOA6EPGCj5yfWs8Imhlhyx9bpjnYetTg-GaVhKH5frGaz29','2021-04-09 10:02:09'),(292,'ios','fNpyjdSIHF8:APA91bEUYSzgnjET8LKwYwl6BryTbwKFM5JIsP7dRmzgNRrrYimBkR7MWIB01t55z_FCXIASPZDYBvZ1iveap3pigSKcrIBG91-viXhPBAmmKvyJzQYB4jmRwl2LTxQS70BFEDz7MIGK','2021-04-09 10:44:56'),(293,'ios','dlx2AStm1MY:APA91bH7MVMgIx7z69ymrU7H8ZGTHjd84RrXQi3_vd6lu_pAJLMM3nyaLTJYx4xptiCrZuQEAVIYedOLT4Y1kJJtMMwFVAVBMsMBsgwbPutWVAgp3lEcR3nRjn3quCHcn6y_Mql7XHdn','2021-04-09 11:10:37'),(294,'ios','eA35bWLitNI:APA91bH7rcJ0k8e0xAp3Dvw6B7pDZKD5vxM4hsBnXnARXbMrW7bHdpHKS6OpzRIej0bu4cJnYpYFd3EALSnu0YU3TI4PykE6yAJEALhEvWuTr7tHmeatOvFhyNC9z_u5jaQBYqIodh-c','2021-04-09 11:43:45'),(295,'ios','emrO_w0zkQQ:APA91bE2HzvJTJhMM2Aq_WP-KaNh9wsGZMPAfdKNpaPrGtzOY7GicQu4QaZZcpQ43QLgy_hbb5JR_D8Ok6-qOXQyBOtc_VLVwkTfgh9gF_5SV6ZU9s-BEUz76_heP3claIyNebqs7pP7','2021-04-09 21:14:29'),(296,'ios','fX96DR1iGDo:APA91bEhQqQ5bUWqOSqQVWLDd8Rvny4YQr7hLlh9sUdNaV7KsKG2b678L15a4NABWqSV0vfvQ2Va2soeyuCmm2BnuUGGgRy_E_v9f8DrUNdD6IuL4o8KA4yWbuqAAxnW5YgcZopg7KJ7','2021-04-09 23:26:41'),(297,'ios','fNK7JlmdfR8:APA91bG_jxVrLgTbmd6KZC43vSrkXAdt4jr-bbLu7qHAqrYKB0HHwNvUx7c3AX5zu4VhXb8-yzoBHW7V_RGbl5MdBEzzP95V44VXkA6mSg6-ctZQ0Sdx-30xXFJX6iPKSMVIqIV_wQp2','2021-04-10 00:46:48'),(298,'ios','dWrtnG3Ctx4:APA91bEuW5o8jZ03KsXaysSbhQWOxWyxIjYvnFLHO_pB_TpVZPSNrv49Fh6OOTusq1EoQ7FeFmQqmNCJd_fs56PnqOZdaUwG5EMEDKTSREbEoTFx4cE06h0N1GWLTlcvM3f5Aym0Cf3T','2021-04-10 01:12:35'),(299,'ios','d7ZLEQz0y24:APA91bGrp1ORDrPn1XwFr2yGafxytsplnJ9je9-oS19gIZxk4wK0r3_Vu0KX19krdxct7G57E6x6GdXzguA0Wx8tEPdyW0sOOUfmsVdhCqTIneWac31-IxuIHgtaGgMuzMHl5QkTh-XJ','2021-04-10 01:32:39'),(300,'ios','dVV2pDOIeF4:APA91bEJODbXY-RNgOxF_L9w1bZPQg87dQu6KuMQwHVoKqrxGoWo9wzKTdz92ghs5keEez0Cp4ibWSkaKa2iEsBBZyXvptME3YLE5WlWkyq-vYs9XcV_s-vaFCU1CqsVp7h8LPcHBQkF','2021-04-10 01:47:47'),(301,'ios','fo6Luyh0lGU:APA91bHOAnl7wo5PuDpYlkg_5IyQ5_7z611a1VaYllbFP8lftBRIPN6Fl1YdpsFklsXm2F1BOMK4jyQsN8gKmbiPETjru7Ek9uI_oQdg77B99bl4xi2GENb5qlzNBPX8svgdQnNPQ05f','2021-04-10 01:54:59'),(302,'ios','fCmsZA3rNWc:APA91bGcj70QN8sb48tcFe_ENyoRQ-vZscl4txbk6-PpSlTJe7IX29ddNNAjgDsOIPttXEEUQ0iR_YWAqi-B51ITs4qfIatFPWTTmjIT2fWSlnWaeFjAdqy2rLNbJCyqotGb-r3qA9zO','2021-04-10 02:54:58'),(303,'ios','egLyHmr7N-M:APA91bENS0dT285LbSko3osHHBlwOy21e6wCySalFh-QHZ66Sco_5H0nUKqTQXbigcE2vzrWr4HJyxHjfBj1eyT-P3S6ik5CZ6V-iz8kdXGw1t_rrXEyYtpLSlHJ8MD6rWT4jsbsXKvI','2021-04-10 03:00:01'),(304,'ios','c7nu07z2IOE:APA91bGnSzuGshyX421ZbTnd1aTBOW12pxA2pL3ZjujutDLJnIESJNOKRDZ7l9aX3iuyHUlgHT0vGJ7sgcT00LcTBJt0D_vtAT6oSrnqgBbPKJBEFcON4ttBVLPOSGliWbjGmihG7jHe','2021-04-10 06:30:59'),(305,'ios','d1c51q99kRw:APA91bEQMQYBKJBOp5334a0wZqOLCtNVadi3e-pAKfjnm4_Vg6i0m2MQt6g4BU2pgiggckPoIaFApGGlWZ2MbJlbIdXNuTfP1CRFeY7XRie9yJiYnmL9boKpULUKJad-eDRpH70lwPPv','2021-04-10 06:35:44'),(306,'ios','dcvj88vbT90:APA91bGZYwZw3jD_lTaD2yt37wsd89dd-vDNUbmMLYEfyqsvzQQElRCNybJCAE6v4VldtuPZsepe1ZBjDvqFftPjtmoagYNwO5YvxPTgRyOoB4N0BpQMYaYUz4Y6M2XZSpWD_0foV1VK','2021-04-10 09:30:40'),(307,'ios','dXPm6eiMetU:APA91bHUU6Uv01Rmagyr90oRBAK5qMVxGMbl1XVP2kmJK3KIuFzDPJUokjFjM_wgS22QcpKONMju7Vuc9FzqKDLZtNGLYAUMKH7RayNrhrapSJgka2b1e4IHHK974R8mIgnDn4xhRUJP','2021-04-10 09:39:54'),(308,'ios','fjrU8C6rhno:APA91bFrZH649B9IoHWGqX0OUzsneYINPBwwf1gcgQCZ8LtfKWVtdqSV4feJ_kCGxqjBCMGzDe1mx8oF7lV3ZlXnPwxNgYtgla3LGwyJyfuN-U-m6Z-j3buGYMf0_c8nqR8lRez2weMB','2021-04-10 12:11:56'),(309,'ios','ej-W4qMXQsE:APA91bHwnysEnbfiX7DwInO3Wntbegpqj1kR-rU_lcTiZXKYz2l3qAM-c0ZKp1NVEOkrkc3C-d81X7spwfKX5gBKWDCUNBNXvm4ZY1Y-oU2LcdOF4VDVBC6MdpxmUET47rlYqkYetA31','2021-04-10 14:43:41'),(310,'ios','cwISRVX5_M0:APA91bGQ4rz0-BLTNHBucuYHLUITbSLS2AVHgKa9i6MxosD1wCRLVIJuggnIwRdkaTmAz-CRTrVwRuYcqKkpwP4H6KhNtl-2G6Nc7yNl4k20OcdcBMWs7PV2zUIGfBJbkWfZxYMD6b64','2021-04-10 15:58:14'),(311,'ios','enQ5gYkrVW4:APA91bFbNP_oDDKDfc8atOYvDb-qQciDaJCKfu7MmhLn4U_YbJpswYznF2oDeBMUBPLHKhHY3tG_KskLS96x42QqQZY_Bn7OzX3D_bZH21Byu17tOXuwcljcq6SDvOMsADmDpHak1A48','2021-04-10 22:56:18'),(312,'ios','cUPNHj2k-ZE:APA91bGrxIwpfQ1iwC2fpbHi7NuWsP1oQ6mPP_PaIgozJc51xmzCRtjiebLD3U9RQtDhg4LQ6RNOtr4zfDF8J78qkPzxnXjh9SZbLvjTLi5mi7LG5moCnESb1GGqV4DPNL14fzdn-ZUd','2021-04-10 22:56:59'),(313,'ios','fSGs2AGNiJs:APA91bFrnu8_82ArhmX6CEwpRw9hr1AI-7qlHVIy4A6Wucm3u4sKILr8nx21i0L4W-i5CDfPNrtFiFWB9boDHd0HWESLnBnRurNiZctte-hHOKTgUW3ul-U8qLXPj2wvQTO2y0YEnB82','2021-04-10 23:05:22'),(314,'ios','f8FKXRFKp90:APA91bF8beLUFJlq9jR2koGnzpVFV_YxxtqhHj6KkYNZ0F1fKbCRelUjh2E4U_zUqx2V7VXsApnbAIJr1aq_8LHzksdReOQwDNLGXZeYHBEV2ADonGFhswG5aoSkOpFm2HEupHFKuuIl','2021-04-11 02:25:48'),(315,'ios','cRcIFovFSH8:APA91bFlUYzHcJpaWWq_2LorgE52QIarLoeGlcNo_ijoKeSnjlTkvmxmiIkNbQMnXeBcaZpjVww3_6wCY-gcYRzXcdlNmellYL0ZYQOti0GG7fSdkidLPWReCnZCGllUkT4AaArjU3Po','2021-04-11 04:03:14'),(316,'ios','dHYSMNiPd7g:APA91bGwEDpteyJtGUSxyCBP2yrk6hW0Nm5p1wGjrNiRNuK3C_MzTI7SkVuaIulBzAgv2KPBbdN2GUlNyOr5b7EsQpTDFfyBIBTJBDVJa5W3mzysd8nYj9oG4EYm29rpF_Yiq1T1-2n-','2021-04-11 06:26:17'),(317,'ios','f2DMto_J6xQ:APA91bE1BxStJ8LWE9hfU1UjzZ5kP2TFpCBcWsChHkjvyl0D5ul850VrkruT2YGH29YXU3m_ZpDAgLiPcKlnXaT-B59dnCOXhQ3Mbj8k9C0YL_ebGZNcAJeGERm3x8UX1H9a2ToPuPD7','2021-04-11 06:49:42'),(318,'ios','f7sRfroXUmU:APA91bGuePdAEO0kmxOjwdgibO9rgw2bLMf9pZDZvWtgPCDivfjVGwbUPXEPXPtHc9Rgdv03wgBiM1vZmJ-wHAvVtOBG5_T6bDPAdgZ3vNzMzbBkwjbadqXNbBci9qqtModv1GXGP3YD','2021-04-11 06:52:59'),(319,'ios','fm8xAKFQBOE:APA91bFrXrykpaFMhu7YsL-iHywHF81mynEZLIC57RQ8TCMqbi6DhYzskpW3HcvWccBbLyjTIono2EUlnL-KChyfRQCbRLdW8jjzOiX-YwiJTo29yUyklc5Db33oW5qm6b0owizcxiyQ','2021-04-11 07:06:24'),(320,'ios','chhzHTjl7DY:APA91bE5iiJQhBdl48xADcG2-kDVbkpDcobrCCrf9fJtlrKQ3ZSFKddA21ao36qmN0dyLZqJlZ0HK9aWodTYjnKeO4pRHSxyt12Ep_NBlnyCkqbSsq7ma9NxZEzdT9pn152C6ypoS20I','2021-04-11 08:16:15'),(321,'ios','e-VySVeoekk:APA91bHF1CRyAtt9XTDHvc6mmSOhMvpqOZP1xZv2uMUXb2dsjluYJCn5-86ULnuavDQHh8oMeBlq2BZcEDfCngQu_dQ2U911LANufzytVAdbNrGZZ-m4-9BNRRkQhA3nFkoNPrj2YEny','2021-04-11 08:18:09'),(322,'ios','dsUsboAbqWc:APA91bFlRtq4rvjl6WUd9wEHtOC9KHB9_B3586k_wHQVtfrs0jOgQKomA2f2K7FaVFOqslI98vJoLJz0y4Ml8_EiGOmGRgRxehOr5Cv6bagjtBhopWxMwgC8f4yUS6zIsWBhyjg2yHhJ','2021-04-11 08:27:04'),(323,'ios','eZoLLkJQLjI:APA91bEocn6tmNV78bLS6sbdVR58vSWxyIaMmokVikP09wuLVoRoI2toawE1B7iOoaC1xCAIiVliNXqc5bolPbknxXqHnJdwXkZEDqilyPulSRPz8Qcn1-5Ljvtx9dGl7yUASef2odYV','2021-04-11 08:28:39'),(324,'ios','ev8ZmrpfeHk:APA91bEPbsF7w8YkLYrjgGPS7ERPYr9zedbbue_yTK8PH0arth69IrlfMJA6G7nQVLYW_fQBM1MXKJJn5zs3Sreny5CkrHnRtz3qPjPXS1-HiuqkyW5Xt1ukpwn70_0SJfbvqdNYXhd0','2021-04-11 09:44:07'),(325,'ios','c5-eiyeXrhU:APA91bEKHFS99GADtAoRU_LcLg9sIJW9WXrKGMxNMdh6le1-6dqRJw_RdO7YtvzodxCe4qBeon-l-1NDgp3XwJDmvqZIFe6RXCUbhs3QODF6QqSpDyb-5b--9uUV9eA8AI_LyaTBlOFZ','2021-04-11 14:00:42'),(326,'ios','d96APNOelPU:APA91bGoZYNXNsEj-fhF6DQQIa5RBlNPt3RsOxsnijwNn4N-idKS4IWx0YRx763CeDc63ThvqP6DN7Bd57MQGrvb7PJByq45Um9uwZEdGJ0n5C4DNhPV1-kU4D_uFl13oqMaQVv2iz35','2021-04-11 14:36:19'),(327,'ios','dwHX9gCuSjI:APA91bFNffXfWDClsz1OKq5nLp5NswAUcB25NZV_HvzfMURxXnuZvkwcKK_pPcPS4jbEKuLIt531IqKURKBenqzfFPD-w8A2INogxp6GTpOZqaE1_t7O-MhOfDI2zP3q8lCS5S3_e0gc','2021-04-11 23:02:11'),(328,'ios','cO3fDK12kZ0:APA91bFFiers6suH13vzmBmttnifSSSbwM-_5z-Rzy5OnnOAGA3V8jSq5jjzHIwXFBlBU_wNo-TJd2MRoarMN7vwRMSoMAdbsBEW5BvCyLPmMjC4PKtBPmSZLMbkfc4VLvHb2-zxzvNL','2021-04-12 00:22:53'),(329,'ios','dG6CciaM__k:APA91bEi6mx7nsdKJ-Wq9yUajiFJT5nvxSkLAqyOGCJNoxfJoB8UpBxIgc0uFa5jBwTZoMburUd6DnUAj67om7-Xz_Zo_-no3MAp5dgTv9TdcpcFLQfo4u5fWpdcAXx_U8ibIYTSmiP4','2021-04-12 01:41:26'),(330,'ios','dmkeo1bzm04:APA91bGRoJB_4Yx-c2wMed6ragQBl5ohHeq9N1V-7DnhwXxVPKT50iZgC9UNHG04Q_oVFkhC_Nac9vJCTtb0CTgqYx2P3QrdVk_X99NRh2Zh2gC-S_e1DYS_TS1qwf40i97F5mE3Upm6','2021-04-12 01:46:37'),(331,'ios','e-gtaI8KLkQ:APA91bGq4vDvuBpngmTAJuaZlrhbT5uRzaWqQHylaorYKjd0jX7DgEjakFha0EawF86Potnm1i72_qfFWTwXutlcpZ4Z5BTmLeK5VXDtpaM283Wyiln6mwKpTL48Xd3Jz1-o7ZvX5fLe','2021-04-12 03:10:41'),(332,'ios','fmwHO3X7UMo:APA91bEg0-1nmjFpBvWgYQLykzpuaq_KhO0MH2yq5mcyg-2n3p_EWIj7-SHq8yxTEkHFstGMoVAnmRlWVtGB2H6og4sD4Fi6_AVj7bXtoMlo3EJ1o0x9v0MF2q0Phz79JwpNkzCH5f7C','2021-04-12 04:09:33'),(333,'ios','eiKU9mDFdH0:APA91bFIKswJgTF5JZ4VgcaZb2CruJ91VR2gCt1b_8Vv_H2gPA2k3H6IomnHPG9GAWkAMfc9Cp2RiD93X8BqbYZkqZ5KwDM8Y8WOOX4vxyUZ6svJBYSaqp05ZsdGEL-g9Rd1CLnjErKV','2021-04-12 05:11:04'),(334,'ios','dfCZot8DAe4:APA91bESPQYzwal6ISj07XcEC6dzxAcP4Zayqmh_Z0ZeGEbsILxmcQkS57EXQrnixB7pNIVMjm4m0d6cXbN1SNyifXH1DLquQScTlIieLdhgOtyHcqOXwwueJisxbd-Xrs9Gxvs7p9xn','2021-04-12 05:31:39'),(335,'ios','fswuwRcz-lk:APA91bGShVBc8K6GmBenPAqc_WyAd0zBgVhL_5okHrq3kx6h2wMOJisf_VunCAt_rxRnQdNijfXU6z98TtPhKC64GypPq55eTmoZLZ6BomzDBnCsMB0JgyKcp0vYsSbCm71EpFDJt1tK','2021-04-12 06:05:27'),(336,'Android','fRl7whgnpys:APA91bFB4CpDVnox6knlCKo2tpxFOohqyYDL6A1VDGfVjJN3HgWQDL9ZhAQaZFhQbagnezhaxN_astpTkBvNLYh3Wj7hHEcbHTotSlJK2w3EpAWVqkj0KhmV7fzN7okD4b6ZllCRgL9w','2021-04-12 08:09:09'),(337,'ios','f6GTDBh3qgs:APA91bEOZfaM7RJhjL9zEjYsB1VueFU8etrDGNBhj2UxUVYbxGu6rlBPAWFKY3mzKTt-G6MVQPIkC0fyU-XcztCgiYEKXnNDO011qSqiBF9WzK1DJHHqG5OXiYGWO5tFnI3k2803UbhY','2021-04-12 08:46:07'),(338,'ios','eGE6BGoBkbc:APA91bECtlDi6p3tM8uDjGEHanUVr8LAQaD_gmMNtkaFNkbRYO3SSnH_IF6zyfnIaJjfIuvnXPypCGCj9LImGvt8PtNgQ52NlhnhBrsrQZiIXHoOHAlpj2isIlIKqFbkDPbd7r1sA6fE','2021-04-12 09:17:15'),(339,'ios','cNluCCAw804:APA91bH_glBJd4lHop9N8ZxYSBKLObOgBPUVw7GJNqWhqnx5e3mqjv43KTC5rqXjZWvfX2SHGuZBEXsbDFL1HXBGwDKRxZpqcw4vpNST8gkhtCXBYh-smwSmuNU1tXmtVk2w4KqGop6w','2021-04-12 09:20:11'),(340,'ios','cxpzuYhDiaU:APA91bHiSpY3guy2TxQjyHAeUTszxmWeVQ40nKiMuj1YrjO5Qq5iam0kpKZlTvUYTdtrREb0W7jt5qR-NnXGRkCUl7vxX0r2sY3CZYgTFb-rgMdK-Z64qQnKb6jtpQ8PZXNTD2oMzwoZ','2021-04-12 09:27:48'),(341,'ios','duXZV4umNOw:APA91bHPfDgj-f_iv8lc3HJ9NGojlwtMItd5VriYxfePfN1tYNopBv2BJfjuKOABQhR_t8xwpKG6_4zoSp4utll73wV0qhgIEnQVPwYR-sllq72q0vFv7c9pDQF2QQcK7tNNE2Jsg5y5','2021-04-12 10:16:35'),(342,'ios','djc2Cp-FqDw:APA91bG6cCypO-tbLV8KfaTjHfPfvE9Koj1zNW79HS8lxSTTrxl-c0qjs2R_aizUZKU00B532evxeUbTvRRtPNM0mACBxCgfb_AztfplArhEtG_ow80gF_yNq4RGOP8f0veX8_rY3eNF','2021-04-12 11:41:11'),(343,'ios','fRkIivAhBJg:APA91bFUwMwgIRVMQPm_2Piyv9YBTNXjq37_UyhHBaikoWV8TEAgjlNQx9qrSZOOBCVSjq0-sv-yDNu7amOJKxozrHtl4RYzPV8BH4fnMtPQsMpEwzudrRGt2EGikK32uTJHVwTC5MQo','2021-04-12 12:02:16'),(344,'ios','cIyft_GJqmA:APA91bHsMBDQtTbSAA0bwg8q-qlXs7JBTzqEN2Zkqj6pmlGsjbXOQXxZv_hXDvLHQ57aSkMHz5cY6d6kmLHddY93YkesKtBF5yViCCEq76zTvIgsU_NGKaq8WkpkIglaW7oyJ_sS15Hs','2021-04-12 12:32:15'),(345,'ios','ejO6hpSZUMs:APA91bFeGCphr_QmqQlZtSA5AbNNRnju0AqPJXP70ACCcvxVjEv3pjVugPLAj7VplBuh2huo5huHDGoectLf9f6n5rRX3k5RJAa2kbqGMbKkkQeqG9x889MSnHhj4HrXTX7pIk59hLj1','2021-04-12 13:29:00'),(346,'ios','c3PdPsg6sUU:APA91bEq7ZCrarKTcbERVtcM6TJHWzrhxJEPsJ1CZu4rNfts0OrdhFXZjHRMbxHFbKznz3TkLHD9TW-7XSWOPTJfYvQNZ04W6cst8BlhnAi5RpUU6EwyOpvDWfn0P62UvDgne4wLpWSz','2021-04-12 18:55:27'),(347,'ios','ee91VF4IjAA:APA91bF1cDilZAXOlDK8lhJHqp4J5aAICjpeRf_dycV_iH4p63npehUaGyw0FXyYSV4Z1V5MmcgkxEjeo0iaxQ21oMjtAA-rHJIuqBjpg3JIDi2qJmdZjQv4AahuIK5TQZhOSBUJ_NfU','2021-04-13 01:17:07'),(348,'ios','d7NAz-CO0Fo:APA91bFuT2hcnfHvETnn1nuN-0nwzjtw4gRH9NDrWyGZu_nuUWYX3aJFjWdAv2JFbH8onZrYaoxq_hWQAEwW2rJjyIFgA-i1vQj1vybfGgaLOL8ijNCUtz1Qkp8eV1JdOFdrqbgL6391','2021-04-13 01:27:28'),(349,'ios','ccUlXw2Zk0o:APA91bEKPvdv-bZv9ZRv2UZydNDKD2u9nUBJHL0VifhhSLg_G47ueNJnHItv4n8uDZc_fRhNWwU84fkp1j_RulL-ccu75szVqEuZ72zup_M_LKvOw5_PvQ3Y-xrZxdPSUgAtV0iGaZNb','2021-04-13 01:41:35'),(350,'ios','edwcp656gzo:APA91bHQ2BPidnNuShKOTy53v3EzVQ8lTT-QCyAfQrV4iGowVDYoPUQcEIhVriHdvSdtDMvFnOfMY0-AnRqzO_qvMm2t3EbCsJhssjuewPvP_0LsNJl7ac2-wMdo5CMUjQ9zjrGPMpiA','2021-04-13 06:18:58'),(351,'ios','cd4g3G_0aw8:APA91bEa7gY8VAckmCMRrdwH59J-fxqTcQzMqOJLf0JKYQt_91f4Tjsk3l7uiD8qd7oiCUICtw6uRIg95J--XzUmcM7k91V1ppvKb56QemUWLxaMtd7SHYrqmRiZtnJJCs4cOC1Pq_Eq','2021-04-13 06:23:30'),(352,'ios','dDJXY7Naq2Q:APA91bFkTtZyztUcVSJSZcbIrSQhQrxKDCcC6pRKi0sy9LGpUH-nRXkwweFMqXqKU3R2rZkCWHGW0jqWqmrL_wRK-HQoXDa_eIKJkQJjQOyxgyYBdKVRpY0wtrRCMcqPhB6pMHNxmmqn','2021-04-13 08:16:15'),(353,'ios','dAnvFEsiI-Q:APA91bEnpd57493vVrFefa2eXF1XD9RQCRDTeE-djpvqtbjmxbDxfQHqkYjFyTx-iMTu-wSHdn8b67ldRijBces6us3vLPaFr_WVfDd8HOO0V0_JVqLIMvSig26Ne6j33AEI-fe0KApJ','2021-04-13 13:05:35'),(354,'ios','fDUkAxoTuuA:APA91bGL7eSrJ4-KmowG2plcZISHJV8f9rAFyQZT9M8QZKPpIE69RhhIUSnPiVTA3ejI6M24MC4M-mnx2Uo80qaem4GrTPqhiQ0X56wip1Uh3IUIDKUaRItpL9XKBXD3ESkhBFGFwhBI','2021-04-13 16:18:54'),(355,'ios','fyzLeX02JZQ:APA91bG8HTQp6gptZGFWVm0j65xkB3f7qi-vvoI814giZffHiYQWDm05q3-PKQgbWBsIOCbx4xDebKDktdW2IyQ2lhKTqA7k4qor3f-O26qYNNJQHW0-U4RSODG29fU4435Je06NgE-X','2021-04-13 22:29:59'),(356,'ios','dGBI7NQWtpM:APA91bFiHXB2-KuKq7j5hvwcil5CZRAfsabCiJtYnciqx22idbXFKbudDX3x814YM2CR0GoA8jGtqsJXBrz6BVZ0vlVY-0XKFJnQnKX75hemwJgDdX62LN6XgVHuTbOrFqLjq9PKfH2k','2021-04-14 01:16:50'),(357,'ios','dLScqHifrbQ:APA91bG2iXwxwUv8HNmJGWtDxDhdaHGvsY1pbgXvBxsk_zATF82vJivSGEFGH6SmaViREJY2DBI8LpD4N4Ktvsw4cPEghxX38ommVBmsIDxJlKKDuvZ2N5XF2rGfpap7f4vDdQG0JdA2','2021-04-14 04:49:33'),(358,'ios','cZINjimUFts:APA91bH4QxpOfZN9BdTNFdegzlAK2Qf5CuB9rahliyRatiCw4Yk1lOTIZtA07EJUF4cHHtlGHP-JKxG5H0H3niFfPxK5Qkd0XN7p4nQsHEok0dh1NN_d2EpJuX0EdRvip2PEDcqzTQZr','2021-04-14 05:32:31'),(359,'ios','eDJg5qtN59E:APA91bE2ViHopZHAfER-a7N1-rVuWYZfVbp1OthZ6vcJoLYJQdMfdDHYHdOXWJgIXRj0mix8NyeuKhe6ng716BJ4TABqxpF1VBJl7lQGOE1YBPaDUYo8aAGcVhA4B79Q_zPbX1lIp6bX','2021-04-14 06:08:51'),(360,'ios','cFkmTpj5XTM:APA91bFCRPF1Ad3Vwxb5-iCGOYNdvtgIQ3SPPwa1HEEJyGMbuIkGaw1VMnrqEjMEvIFVCjzrrG6G7q-x0VjB1NumEIrB51gk1RmWNMCArstjgX_b-LOSwtkA9RvnPsp904xj1Z0lDTWL','2021-04-14 06:32:30'),(361,'ios','cWl2wb1UWg8:APA91bHGwyc1IpvzWSsr4WGaBgpqhWhuvCdb8LJH8tqKRaZJQS0NaiyAA767LnWtgJhIpI8XTiakAo_J9H6nGusdQN5MXDSYNG-VSlfBvJ2UEdF6Kz0J3FpG8Sj85YCzJpw-yzuiLptE','2021-04-14 06:46:12'),(362,'ios','fTqDOj186mo:APA91bFPNnA2yNNKvviW5yy4jZvnaT5PKZL4X4HuHaFGr4vwqxX1Sk8bljYJy06bTNyYAGtdvbIziGog3crSDkxFZ4cOR9zscI0rhQ_7QNrZPyY2OEvZH3_D7RkvI67qq6K0z6OMZdSJ','2021-04-14 07:17:18'),(363,'ios','e6XRiqY5XO0:APA91bEuX9ChkokSHvNjscV92_gcJD0Wl3IcC68x9nP6DVYs8f1Ze0W2VyLV6KyJC9j0yUaskQJgpjznxPzLp2BrkOncbNcGKJZfMrckv11LpuQHDMZTwevDrB-8wDR8gcz5Q15jXMda','2021-04-14 07:26:37'),(364,'ios','fXPkvbmwUnk:APA91bElmFu4tbTcLgcBSKLocC4rxlXcIbd7D99PSs23hxOMvgIfaDzl7q1iHjJFRiL-ZFCp5P_ggUsvckA07xCzZcxh97xO0IJ8UGMIFamg_XLOECplJa3tEE1vbMl9GAl1bO_SxzG8','2021-04-14 07:55:23');

--
-- Table structure for table `auth_items`
--

CREATE TABLE `auth_items` (
  `auth_items_id` int NOT NULL AUTO_INCREMENT,
  `auth_items_name` varchar(200) NOT NULL,
  `auth_name` varchar(100) DEFAULT NULL,
  `auth_items_type` varchar(200) NOT NULL,
  `auth_items_action` varchar(200) NOT NULL,
  `status` int DEFAULT '0',
  `created_by` int DEFAULT NULL,
  `created_date` datetime DEFAULT NULL,
  `modified_by` int DEFAULT NULL,
  `modified_date` datetime DEFAULT NULL,
  PRIMARY KEY (`auth_items_id`)
) ENGINE=MyISAM AUTO_INCREMENT=30 DEFAULT CHARSET=latin1;

--
-- Dumping data for table `auth_items`
--

INSERT INTO `auth_items` VALUES (15,'SettingController','Setting','backend','controller',0,NULL,NULL,NULL,NULL),(14,'MenuController','Menu','backend','controller',1,NULL,NULL,NULL,NULL),(13,'DecreesController','Decrees','backend','controller',0,NULL,NULL,NULL,NULL),(12,'CategoryController','Category','backend','controller',0,NULL,NULL,NULL,NULL),(11,'AuthItemsController','Auth Item','backend','controller',1,NULL,NULL,NULL,NULL),(16,'SiteController','Dashboard','backend','controller',1,NULL,NULL,NULL,NULL),(17,'TestimonialsController','Testimonial','backend','controller',0,NULL,NULL,NULL,NULL),(18,'UserController','User','backend','controller',0,NULL,NULL,NULL,NULL),(19,'BlogCategoryController','Blog Category','backend','controller',1,NULL,NULL,NULL,NULL),(20,'BlogController','Blog','backend','controller',1,NULL,NULL,NULL,NULL),(21,'DecreesCategoryController','Decrees Category','backend','controller',0,NULL,NULL,NULL,NULL),(22,'TestimonialCategoryController',NULL,'backend','controller',0,NULL,NULL,NULL,NULL),(23,'DecreesdetailController',NULL,'backend','controller',0,NULL,NULL,NULL,NULL),(24,'WatchmanReportController',NULL,'backend','controller',0,NULL,NULL,NULL,NULL),(25,'WatchmanReportTypeController',NULL,'backend','controller',0,NULL,NULL,NULL,NULL),(26,'IntercessorReportTypeController',NULL,'backend','controller',0,NULL,NULL,NULL,NULL),(27,'PraiseReportTypeController',NULL,'backend','controller',0,NULL,NULL,NULL,NULL),(28,'PrayerReportTypeController',NULL,'backend','controller',0,NULL,NULL,NULL,NULL),(29,'UserManualController',NULL,'backend','controller',0,NULL,NULL,NULL,NULL);

--
-- Table structure for table `banner_images`
--

CREATE TABLE `banner_images` (
  `banner_images_id` int NOT NULL AUTO_INCREMENT,
  `menu_type` varchar(50) NOT NULL,
  `banner_image` varchar(255) NOT NULL,
  `status` tinyint(1) NOT NULL DEFAULT '0' COMMENT '0=active,1=deactive,2=deleted',
  `created_by` int DEFAULT NULL,
  `created_date` datetime DEFAULT NULL,
  `modified_by` int DEFAULT NULL,
  `modified_date` datetime DEFAULT NULL,
  PRIMARY KEY (`banner_images_id`)
) ENGINE=InnoDB AUTO_INCREMENT=63 DEFAULT CHARSET=latin1;

--
-- Dumping data for table `banner_images`
--

INSERT INTO `banner_images` VALUES (1,'ticketed_shows','3Ouicyeni-VFRSNJi0p8-giQM0DyfhLmimages (4).jpeg',2,NULL,NULL,NULL,NULL),(2,'ticketed_shows','THtjvBlem5OKCQRGxduEdujj6CWO8fKWimages (5).jpeg',2,NULL,NULL,NULL,NULL),(7,'weekly_promotions','RvEd8XrfMCKvE9POtM0aJX7OYXXVa2Mgweekly_banner.jpg',2,NULL,NULL,NULL,NULL),(8,'free_entertainment','o0SsInN-UX3M1vgTwa4kUz4Kd21j2ixbfree_entertainment_banner.jpg',0,NULL,NULL,NULL,NULL),(10,'special_event','3SHGDAFUPj_grLAyDW4zaxsD0wz_1zuTevent_banner.jpg',2,NULL,NULL,NULL,NULL),(11,'special_event','sq92HuVPy8iNyrteDd8_q6BOgcZAO-ugbars.jpg',2,NULL,NULL,NULL,NULL),(14,'benefits','7PZ9JvKdQCEgGSKAcvU2NqtwJykS4xCCgallary9.jpg',2,NULL,NULL,NULL,NULL),(15,'benefits','7Hm7eriO9Tbn3vBNCm1oEWvMpE9DQfFzbenifit_banner.jpg',2,NULL,NULL,NULL,NULL),(16,'join','A6EorsTdJ15WFwiyILO5L7kxIhb0qrgzjoin_today_banner.jpg',0,NULL,NULL,NULL,NULL),(18,'kids_entertainment','cyagTDBkPx3BeZjP7NBuYrFUISpZBbz_kids_ent_banner.jpg',2,NULL,NULL,NULL,NULL),(19,'join','bPk2ePNFchJy42ogie4DT6xv2i7U6JNUfree_entertainment_banner.jpg',2,NULL,NULL,NULL,NULL),(22,'kids_entertainment','u6qsKqfIf8zFP332xj_1GFZ4lzjbI2W1bars.jpg',2,NULL,NULL,NULL,NULL),(24,'variety_day','O0yS1XlhqNVRvF2G-MU95nN4Rh--hx7aweekly_banner.jpg',2,NULL,NULL,NULL,NULL),(25,'variety_day','VePSrmrW7L6CocYNXL5bX52Yh6IneO2jbars.jpg',2,NULL,NULL,NULL,NULL),(27,'special_event','mn6XMKXGPDly-GVz7aYLUcExeVWqWMdqGettyImages-892797252.jpg',2,NULL,NULL,NULL,NULL),(28,'ticketed_shows','hP46fgSdDTEzh5w_fKR7LSRw6opVCCuwbenifit_banner.jpg',2,NULL,NULL,NULL,NULL),(30,'weekly_promotions','P9fHbZ1sKNypakshGYdR5tBgqC2nwCmgart.jpg',2,NULL,NULL,NULL,NULL),(31,'weekly_promotions','zCaTgUsJKPTF5vaF5NQe_D5Hh7xzFRrHThe-Moron-Test-Old-School-icon.jpg',2,NULL,NULL,NULL,NULL),(32,'loyalty_card','zCaTgUsJKPTF5vaF5NQe_D5Hh7xzFRrHThe-Moron-Test-Old-School-icon.jpg',2,NULL,NULL,NULL,NULL),(33,'loyalty_card','oPBkWRQZxhwLhxiJnlFVM7Wu-kTC6vFAimages.jpeg',2,NULL,NULL,NULL,NULL),(34,'loyalty_card','P0eMvvnKt54eH5bfRPOuxGd0iaszjMuuart.jpg',2,NULL,NULL,NULL,NULL),(35,'test','P0eMvvnKt54eH5bfRPOuxGd0iaszjMuuart.jpg',2,NULL,NULL,1,'2019-09-05 06:55:13'),(36,'loyalty_card','ZX0cD4i6FO7_cznZwhxVIjM7XjoXCMH2GettyImages-627887700.jpg',2,NULL,NULL,NULL,NULL),(37,'competition','3SHGDAFUPj_grLAyDW4zaxsD0wz_1zuTevent_banner.jpg',2,NULL,NULL,NULL,NULL),(38,'competition','CfbdU5-bBm5HpbCfMDT26i8a4aYSyBysJetski_Image-Tile.jpg',2,NULL,NULL,NULL,NULL),(39,'competition','Pmv4m9YJxffbJ2-tAxQEX6TfNHr5RuAlcompetition_banner_2.jpg',2,NULL,NULL,NULL,NULL),(40,'competition','1Mfd9p6lWdYIcbJSEyTR8pYaVsdFN2DXcompetition_banner_1.jpg',2,NULL,NULL,NULL,NULL),(41,'offers','Pmv4m9YJxffbJ2-tAxQEX6TfNHr5RuAlcompetition_banner_2.jpg',2,NULL,NULL,NULL,NULL),(42,'offers','_hENEMbh-WYw0Udkk4pNMIQkHrZKzIHhcompetition_banner_2.jpg',2,NULL,NULL,NULL,NULL),(43,'offers','0eD21d8x3Gd_KJEXPbLNbGqRw0mq_jaycompetition_banner_1.jpg',2,NULL,NULL,NULL,NULL),(44,'loyalty_card','JZOCSzSee2uYzul9EY5AGV57qAeL6cnVCant_13.3.1840710.jpg',0,NULL,NULL,NULL,NULL),(45,'variety_day','OAPj7CcA8zQCAYoHfe_uQrPvGKJRNd2sshutterstock_1101601166 (1).jpg',0,NULL,NULL,NULL,NULL),(46,'ticketed_shows','NR7mCC05oHnpKd7A9KXJ_XRL0-4W1vSswhats-on-hero.jpg',2,NULL,NULL,NULL,NULL),(47,'kids_entertainment','ktIab7Cvi1VbAmNY9_jb2F_NyrAXJKJKkids_banner.png',2,NULL,NULL,NULL,NULL),(48,'benefits','HJQtndwfc7HNg8oppowKiNWFksm7BUr9Benefits_A7A4402.jpg',0,NULL,NULL,NULL,NULL),(49,'offers','NAWQYZaZC99T9eG4_Yivn1iP3c5_2PSvOffers_bg.png',2,NULL,NULL,NULL,NULL),(50,'weekly_promotions','D4cB2nKTfBXRBrWRK6tOkP9x_6VaIyPIweekly-promotions.jpg',2,NULL,NULL,NULL,NULL),(51,'competition','KJYFsYe2Uzeo-sTjIYY2PPEAKBc1f3o0Competitions.jpg',0,NULL,NULL,NULL,NULL),(52,'weekly_promotions','iC_Lz-cuZTySH07NOQln9nYcicmnjmkJweekly-promotions.jpg',2,NULL,NULL,NULL,NULL),(53,'special_event','TlQO8z8RwohOhn6G_z1fQreaCBLGJ6zSSpecial Events.jpg',2,NULL,NULL,NULL,NULL),(54,'kids_entertainment','Y9ZukYteV1wwQT4hObglFO6evlBSkaR3Banner Template.jpg',2,NULL,NULL,NULL,NULL),(55,'ticketed_shows','nEFxC7sExF759PkHxESuRT0wmBrSgjtgweekly-promotions.jpg',2,NULL,NULL,NULL,NULL),(56,'special_event','Tsg3WWaL7DFM-XXlaZjp04UVFk3x3yanSpecial Events_Banner.jpg',0,NULL,NULL,NULL,NULL),(57,'ticketed_shows','ezjXY5rlW8J9eDwW-ZuSgAhbqnyEHCa3Weekly Promotions_Banner.jpg',2,NULL,NULL,NULL,NULL),(58,'offers','xhkpT76mJid3P5ks_-4jZfNVbFd199-mBistro_Banner.jpg',2,NULL,NULL,NULL,NULL),(59,'weekly_promotions','-NOP-6qWH1iEkj620P1GWsLMinx-VaNsWeekly Promotions_Banner.jpg',0,NULL,NULL,NULL,NULL),(60,'ticketed_shows','0oNY74eUV9JZq5N5oBMVY0hMbH-x8Bw1Ticketed Shows_Banner.jpg',0,NULL,NULL,NULL,NULL),(61,'kids_entertainment','dX2Rhsz_SQZi20QAD3b5J5pusyUY3621Kids Entertainment_Banner.jpg',0,NULL,NULL,NULL,NULL),(62,'offers','qyLC_ldIwO-RaxlNt6EIBhefJfJoFBPJOffers_Banner.jpg',0,NULL,NULL,NULL,NULL);

--
-- Table structure for table `bars`
--

CREATE TABLE `bars` (
  `bars_id` int NOT NULL AUTO_INCREMENT,
  `bars_icon_photo` varchar(255) NOT NULL,
  `bars_title` text NOT NULL,
  `bars_description` longtext NOT NULL,
  `sort` int DEFAULT '0' COMMENT 'This is for sorting purpose',
  `status` tinyint(1) NOT NULL DEFAULT '0' COMMENT '0=active,1=deactive,2=deleted',
  `created_by` int DEFAULT NULL,
  `created_date` datetime DEFAULT NULL,
  `modified_by` int DEFAULT NULL,
  `modified_date` datetime DEFAULT NULL,
  `lunch_timing` varchar(255) DEFAULT NULL,
  `dinner_timing` varchar(255) DEFAULT NULL,
  `booking_url` varchar(255) DEFAULT NULL,
  `other_timing` varchar(255) DEFAULT NULL,
  `disclaimer` varchar(512) NOT NULL,
  `contact` varchar(255) NOT NULL,
  `email` varchar(255) NOT NULL,
  `inst_link` varchar(255) NOT NULL,
  `face_link` varchar(255) NOT NULL,
  PRIMARY KEY (`bars_id`)
) ENGINE=MyISAM AUTO_INCREMENT=80 DEFAULT CHARSET=latin1;

--
-- Dumping data for table `bars`
--

INSERT INTO `bars` VALUES (73,'1632716610_77334f8150dfddad4fef.jpg','Blake Street Kitchen','<p><img alt=\"Blake St. Kitchen\" src=\"https://images.squarespace-cdn.com/content/v1/5d9bda850008ea2bba8c7d0b/1571020995115-PATR3YT9T5KYRLPVF4G4/bsk-wine-to-glass.png?format=300w\" style=\"height:276px; width:300px\" /></p>\r\n\r\n<p>Dine-in &bull; Takeaway &bull; Weekly Specials</p>\r\n\r\n<p>For a catch up with the girls or a date night with &ldquo;the one&rdquo;, Blake Street Kitchen is your new go-to in Kogarah and we won&rsquo;t disappoint.</p>\r\n\r\n<p>Grab your early morning coffee daily, soak up the morning sunshine for breakfast on weekends, or stop in for lunch or dinner any day of the week.</p>\r\n\r\n<p>Our team has created a fantastic value menu with grab and go options, breakfast on the weekend, and further options available from 11:30am daily. Our menu features a range of modern fare, as well as all your traditional Club favourites, including a fantastic variety of weekly specials.</p>\r\n\r\n<p>*When making your order for takeaway, ensure you nominate &lsquo;Pick Up&rsquo; as your option. Delivery currently unavailable.</p>\r\n',0,1,NULL,NULL,1,'2023-06-17 22:43:19','','','https://booking.nowbookit.com/booking?accountid=d6a73f21-22af-4d7e-a27c-83e67134c7d4&venueid=2298&theme=light&accent=223,185,146','Sunday - Thursday: 11 am - 9 pm\r\nFriday - Saturday: 11 am - 9pm','*When making your order for takeaway, ensure you nominate ‘Pick Up’ as your option. Delivery currently unavailable. ','02 9587 8533','info@kogarahclubhouse.com.au','https://www.instagram.com/kogarahclubhouse/','https://www.facebook.com/kogarahclubhouse'),(74,'1642471427_f8db723b0604e3d602f4.jpg','The Clubhouse Bar','<p><strong>As the main bar of the entire precinct, The Clubhouse Bar is welcoming yet sophisticated. With high, exposed ceilings and curved architecture the space is the melting pot for the entire Club.</strong></p>\r\n\r\n<p>Enjoy a pre-dinner drink, a knock-off beer, or simply relax and enjoy a delicious meal from Blake Street Kitchen.</p>\r\n\r\n<p>Discover our well-appointed VIP and Sports Lounge areas where you’ll find multiple screens, TAB facilities and a discreet outdoor smokers’ area.</p>\r\n\r\n<p>Bold textures and warm tones make the space comfortable both day and night, so settle in and enjoy.</p>\r\n',0,1,NULL,NULL,1,'2022-01-17 20:03:47','','','http://3.25.233.120/kogarah/booking','Sunday - Wednesday: 10am - 11pm\r\nThursday: 10am - Midnight\r\nFriday & Saturday: 10am - 1am','','02 9587 8533','info@kogarahclubhouse.com.au','https://www.instagram.com/kogarahclubhouse/','https://www.facebook.com/kogarahclubhouse'),(75,'1644360714_97c69be259583be1c180.jpeg','The Pearl','<p><img alt=\"Pearl\" src=\"https://images.squarespace-cdn.com/content/v1/5d9bda850008ea2bba8c7d0b/1570765068453-HD7JCF5I3GF9Y4YIFHZB/THE+PEARL_logo_V2-+-01.png\" style=\"height:200px; width:200px\" /></p>\r\n\r\n<p>All members and visitors to Kogarah Clubhouse can enjoy easy access to The Pearl Asian Eating House.</p>\r\n\r\n<p>Featuring a range of seating options, a private dining area for larger groups, live seafood tanks and, of course amazing Asian culinary delights, The Pearl is your next food destination.</p>\r\n\r\n<p>Our team have created an exciting, contemporary Chinese menu that takes &ldquo;Club Chinese&rdquo; to soaring new heights.</p>\r\n\r\n<p>For authentic Asian flavours with a contemporary, modern twist, look no further than The Pearl Asian Eating House.</p>\r\n',3,0,NULL,NULL,1,'2023-07-06 01:20:37','11am - 2.30pm Daily','5.30pm - 9pm Daily','https://bookings.nowbookit.com/?accountid=d6a73f21-22af-4d7e-a27c-83e67134c7d4&colors=hex%2Cd01716&theme=light&venueid=2299','','Due to current NSW Government restrictions and to ensure that we can adequately monitor room capacities, all entry to and exit from the Club for dining guests will be via the main Clubhouse entrance. Members will need to swipe their card upon entry and Guests will be required to sign in and provide their address and contact details as mandated by the government for all visitors to licensed venues.','02 9587 8533','info@kogarahclubhouse.com.au','https://www.instagram.com/kogarahclubhouse/','https://www.facebook.com/kogarahclubhouse'),(76,'1647401033_0d256619f76978db5a86.jpg','The Sports Lounge','<p>NRL, AFL, Basketball, Cricket, Racing&hellip; whatever your flavour, we&rsquo;re showing the best live sporting action in our Sports Lounge seven days a week.</p>\r\n\r\n<p>Grab a refreshing drink and a snack from the Clubhouse Bar, pick a spot, and settle in for the game.</p>\r\n\r\n<p>Don&rsquo;t forget to browse our RSL Memorabilia Display located adjacent to the Sports Lounge. Our display cabinet features a myriad of special items from a number of wars, and is a wonderful tribute to our brave servicemen and women.</p>\r\n',4,0,NULL,NULL,1,'2023-07-06 01:20:20','','','','Sunday - Wednesday: 10am - 11pm\r\nThursday: 10am - Midnight\r\nFriday & Saturday: 10am - 1am','','02 9587 8533','info@kogarahclubhouse.com.au','https://www.instagram.com/kogarahclubhouse/','https://www.facebook.com/kogarahclubhouse'),(77,'1642473598_8c35aadaf6d48bdad0a8.jpg','The Clubhouse Bar','<p>As the main bar of the entire precinct, The Clubhouse Bar is welcoming yet sophisticated. With high, exposed ceilings and curved architecture the space is the melting pot for the entire Club.</p>\r\n\r\n<p>Enjoy a pre-dinner drink, a knock-off beer, or simply relax and enjoy a delicious meal from Blake Street Kitchen.</p>\r\n\r\n<p>Discover our well-appointed VIP and Sports Lounge areas where you&rsquo;ll find multiple screens, TAB facilities and a discreet outdoor smokers&rsquo; area.</p>\r\n\r\n<p>Bold textures and warm tones make the space comfortable both day and night, so settle in and enjoy.</p>\r\n',0,1,NULL,NULL,1,'2022-01-17 20:39:58','','','','','','02 9587 8533','info@kogarahclubhouse.com.au','https://www.instagram.com/kogarahclubhouse/','https://www.facebook.com/kogarahclubhouse'),(78,'1647403234_244e9e6db35f75ee2045.jpg','The Clubhouse Bar','<p><img alt=\"\" src=\"https://images.squarespace-cdn.com/content/v1/5d9bda850008ea2bba8c7d0b/1570764070212-FDKBZXC1VEAQJ7SII5OC/clubhousebar-logo-sq.png?format=300w\" style=\"height:300px; width:300px\" /></p>\r\n\r\n<p>As the main bar of the entire precinct, The Clubhouse Bar is welcoming yet sophisticated. With high, exposed ceilings and curved architecture the space is the melting pot for the entire Club.</p>\r\n\r\n<p>Enjoy a pre-dinner drink, a knock-off beer, or simply relax and enjoy a delicious meal from Blake Street Kitchen.</p>\r\n\r\n<p>Discover our well-appointed VIP and Sports Lounge areas where you&rsquo;ll find multiple screens, TAB facilities and a discreet outdoor smokers&rsquo; area.</p>\r\n\r\n<p>Bold textures and warm tones make the space comfortable both day and night, so settle in and enjoy.</p>\r\n',2,0,NULL,NULL,1,'2023-07-06 01:19:59','','','https://www.kogarahclubhouse.com.au/the-clubhouse-bar','Sunday - Wednesday: 10am - 11pm\r\nThursday: 10am - Midnight\r\nFriday & Saturday: 10am - 1am','','02 9587 8533','info@kogarahclubhouse.com.au','https://www.instagram.com/kogarahclubhouse/','https://www.facebook.com/kogarahclubhouse'),(79,'1688624064_408b9123b428e14d42e5.jpg','Railway Pde','',1,0,NULL,NULL,1,'2023-07-06 01:19:27','Every day 11:30 a.m. - 5:00 p.m.','Every day 5:00 p.m. - 9:00 p.m.','https://reservit365.com/Rin-Express/SGMBC/Kogarah/ReservITNow.Rin-Express/(S(abcmtwvjldkmgphgkwit5jah))/','Open 8:00 For Breakfast Everyday.','','02 9587 8533','info@dailypress.com.au','','');

--
-- Table structure for table `bars_bg_image`
--

CREATE TABLE `bars_bg_image` (
  `bars_bg_image_id` int NOT NULL AUTO_INCREMENT,
  `bars_id` int NOT NULL,
  `bars_bg_image` varchar(255) NOT NULL,
  `status` tinyint NOT NULL DEFAULT '0' COMMENT '0=active,1=deactive,2=deleted',
  `created_by` int DEFAULT NULL,
  `created_date` datetime DEFAULT NULL,
  `modified_by` int DEFAULT NULL,
  `modified_date` datetime DEFAULT NULL,
  PRIMARY KEY (`bars_bg_image_id`)
) ENGINE=MyISAM AUTO_INCREMENT=115 DEFAULT CHARSET=latin1;

--
-- Dumping data for table `bars_bg_image`
--

INSERT INTO `bars_bg_image` VALUES (99,73,'1627374842_2430678b474b4a4f9096.png',2,NULL,'2021-07-27 03:34:02',NULL,NULL),(98,73,'1627313798_32332c660652ff083710.jpg',2,NULL,'2021-07-26 10:36:38',NULL,NULL),(97,73,'1627010028_12247d7bb0d4f2dd9e60.jpeg',2,NULL,'2021-07-22 22:13:48',NULL,NULL),(100,73,'1629785002_4cc3769f0f9d68e4619b.jpeg',2,NULL,'2021-08-24 01:03:22',NULL,NULL),(101,73,'1629785307_636972daab81734e4ed6.jpg',2,NULL,'2021-08-24 01:08:27',NULL,NULL),(102,73,'1631080797_78f38b68f20761ba5ab1.jpg',2,NULL,'2021-09-08 00:59:57',NULL,NULL),(103,73,'1632716610_14c53e2261af210d7dd0.jpg',0,NULL,'2021-09-26 23:23:30',NULL,NULL),(104,74,'1642028685_0bedf21d8a5cdaeb1200.jpg',0,NULL,'2022-01-12 17:04:45',NULL,NULL),(105,75,'1642029446_01a6b0c9422098eaa1fd.jpg',2,NULL,'2022-01-12 17:17:26',NULL,NULL),(106,76,'1642029640_c134c1f1bfeb7ba4b664.jpg',2,NULL,'2022-01-12 17:20:40',NULL,NULL),(107,77,'1642473598_9bf2ec24cb98fed66518.jpg',0,NULL,'2022-01-17 20:39:58',NULL,NULL),(108,75,'1644360714_84feb421cfe7fa267d4b.jpeg',0,NULL,'2022-02-08 16:51:54',NULL,NULL),(109,76,'1647401032_6d59ea04ef3a2309c254.jpg',0,NULL,'2022-03-15 22:23:53',NULL,NULL),(110,78,'1647403159_c29d093e733a60c57361.jpg',2,NULL,'2022-03-15 22:59:19',NULL,NULL),(111,78,'1647403263_46e075f4bdbf03789ad7.jpg',0,NULL,'2022-03-15 23:01:03',NULL,NULL),(112,79,'1688624064_fe6317a719bd38dbd93e.jpg',2,NULL,'2023-07-06 01:14:24',NULL,NULL),(113,79,'1688624244_003d46216e635432ad16.jpg',2,NULL,'2023-07-06 01:17:24',NULL,NULL),(114,79,'1688624319_1eba528d791af77a0c26.jpg',0,NULL,'2023-07-06 01:18:39',NULL,NULL);

--
-- Table structure for table `bars_image`
--

CREATE TABLE `bars_image` (
  `bars_image_id` int NOT NULL AUTO_INCREMENT,
  `bars_id` int NOT NULL,
  `bars_photo` varchar(255) NOT NULL,
  `status` tinyint NOT NULL DEFAULT '0' COMMENT '0=active,1=deactive,2=deleted',
  `created_by` int DEFAULT NULL,
  `created_date` datetime DEFAULT NULL,
  `modified_by` int DEFAULT NULL,
  `modified_date` datetime DEFAULT NULL,
  PRIMARY KEY (`bars_image_id`)
) ENGINE=MyISAM AUTO_INCREMENT=360 DEFAULT CHARSET=latin1;

--
-- Dumping data for table `bars_image`
--

INSERT INTO `bars_image` VALUES (328,73,'1627374680_4b58859c98d55bb538d6.png',2,NULL,'2021-07-27 03:31:20',NULL,NULL),(327,73,'1627374424_b33fdc3d93a1e84ad5d6.png',2,NULL,'2021-07-27 03:27:04',NULL,NULL),(326,73,'1627313293_9cd499a6d031522e8b60.jpg',2,NULL,'2021-07-26 10:28:13',NULL,NULL),(325,73,'1627313293_8c39c496470cf910bbe4.jpg',2,NULL,'2021-07-26 10:28:13',NULL,NULL),(324,73,'1627313293_1616c85d332c953c5f3f.jpg',2,NULL,'2021-07-26 10:28:13',NULL,NULL),(323,73,'1627010458_6348eca7bfd30d9f5d49.jpeg',2,NULL,'2021-07-22 22:20:58',NULL,NULL),(322,73,'1627010458_2f746efb5cd8a9a20aed.jpeg',2,NULL,'2021-07-22 22:20:58',NULL,NULL),(321,73,'1627010458_a29576fc088e10d257bc.jpeg',2,NULL,'2021-07-22 22:20:58',NULL,NULL),(329,73,'1629785089_052dee545e71311ab372.jpeg',2,NULL,'2021-08-24 01:04:49',NULL,NULL),(330,73,'1631080828_bbcdff69fa82a2b77496.jpg',2,NULL,'2021-09-08 01:00:28',NULL,NULL),(331,73,'1631080828_e12678ed57fc5f8124aa.jpg',2,NULL,'2021-09-08 01:00:28',NULL,NULL),(332,73,'1631080828_0fff68cccbee9b1f148f.jpg',2,NULL,'2021-09-08 01:00:28',NULL,NULL),(333,73,'1631080828_44bf7eec63074bfec3d3.jpg',2,NULL,'2021-09-08 01:00:28',NULL,NULL),(334,73,'1632717116_39381e6f236630d0ce7e.jpg',0,NULL,'2021-09-26 23:31:56',NULL,NULL),(335,73,'1632717116_c6b718718a476c4aaf82.jpg',0,NULL,'2021-09-26 23:31:56',NULL,NULL),(336,73,'1632717116_19cc44c8e2ce87616721.jpg',0,NULL,'2021-09-26 23:31:56',NULL,NULL),(337,73,'1632717116_03b6fbe6871087f08a61.jpg',0,NULL,'2021-09-26 23:31:57',NULL,NULL),(338,73,'1632717117_a3c68deb8e8313532065.jpg',0,NULL,'2021-09-26 23:31:57',NULL,NULL),(339,73,'1642473748_26caa147a00870d73661.jpg',0,NULL,'2022-01-17 20:42:28',NULL,NULL),(340,73,'1642473748_9a274d9f46a730e15cff.jpg',0,NULL,'2022-01-17 20:42:28',NULL,NULL),(341,77,'1642473808_1d147de9e61c0e7538a9.jpg',0,NULL,'2022-01-17 20:43:28',NULL,NULL),(342,77,'1642473808_b640c1b64124dd33b34a.jpg',0,NULL,'2022-01-17 20:43:28',NULL,NULL),(343,77,'1642473808_f23d19db0f75ff835753.jpg',0,NULL,'2022-01-17 20:43:28',NULL,NULL),(344,76,'1642474014_42dfcd6e765c8e5c4b98.jpg',0,NULL,'2022-01-17 20:46:55',NULL,NULL),(345,73,'1642474051_678c3464ba67713c6653.jpg',0,NULL,'2022-01-17 20:47:31',NULL,NULL),(346,73,'1642474479_8323a901960b3d4eb490.jpg',0,NULL,'2022-01-17 20:54:40',NULL,NULL),(347,75,'1644360040_f1e89404cdc6c5ae48ce.jpg',0,NULL,'2022-02-08 16:40:40',NULL,NULL),(348,75,'1644360040_bec186edfcec0abbd467.jpg',0,NULL,'2022-02-08 16:40:40',NULL,NULL),(349,75,'1644360040_7da2485e465325800b92.jpg',0,NULL,'2022-02-08 16:40:41',NULL,NULL),(350,75,'1644360041_118af06fdd1a83bfa6a9.jpg',0,NULL,'2022-02-08 16:40:41',NULL,NULL),(351,76,'1647401125_8291e5112b5daec13d57.jpg',0,NULL,'2022-03-15 22:25:25',NULL,NULL),(352,76,'1647401147_a6166d7f35f8a622116f.jpg',0,NULL,'2022-03-15 22:25:47',NULL,NULL),(353,76,'1647401166_5975f8359364cfc23215.jpg',0,NULL,'2022-03-15 22:26:06',NULL,NULL),(354,76,'1647401179_9659baf76d72796c37c4.jpg',0,NULL,'2022-03-15 22:26:19',NULL,NULL),(355,78,'1647403702_1c11cc965ffabb210887.jpg',0,NULL,'2022-03-15 23:08:22',NULL,NULL),(356,78,'1647403715_5cfcdb21eed466d9aa27.jpg',0,NULL,'2022-03-15 23:08:36',NULL,NULL),(357,78,'1647403725_bd87d0eca63402efd3fd.jpg',0,NULL,'2022-03-15 23:08:45',NULL,NULL),(358,78,'1647403745_edc3da224c59b23e566e.jpg',0,NULL,'2022-03-15 23:09:06',NULL,NULL),(359,78,'1647403764_03bee2cdca61131525be.jpg',0,NULL,'2022-03-15 23:09:24',NULL,NULL);

--
-- Table structure for table `bars_menu`
--

CREATE TABLE `bars_menu` (
  `bars_menu_id` int NOT NULL AUTO_INCREMENT,
  `bars_menu_type` enum('url','textbox','submenu') NOT NULL,
  `bars_id` int NOT NULL,
  `bars_url_name` text NOT NULL,
  `bars_url` varchar(255) NOT NULL,
  `bars_menu_description` longtext NOT NULL,
  `status` tinyint(1) NOT NULL DEFAULT '0' COMMENT '0=active,1=deactive,2=deleted',
  `created_by` int DEFAULT NULL,
  `created_date` datetime DEFAULT NULL,
  `modified_by` int DEFAULT NULL,
  `modified_date` datetime DEFAULT NULL,
  PRIMARY KEY (`bars_menu_id`)
) ENGINE=MyISAM AUTO_INCREMENT=226 DEFAULT CHARSET=latin1;

--
-- Dumping data for table `bars_menu`
--

INSERT INTO `bars_menu` VALUES (209,'url',73,'Menu','https://cabravale.com.au/wp-content/uploads/2021/06/HorizonMenu.Jun_.2021.web_.pdf','',2,NULL,'2021-07-22 22:21:28',NULL,'2021-08-24 01:03:33'),(210,'url',73,'Sentosa Menu','https://wyongleagues.com.au/wp-content/uploads/sites/16/2021/06/WRLC-Sentosa-Menu-A4-May-21-FINAL.pdf','',2,NULL,'2021-08-24 01:03:58',NULL,'2021-08-24 05:37:34'),(211,'url',73,'Dish Menu','https://wallarahbay.com.au/wp-content/uploads/sites/9/2021/05/WBRC-Dish-May-21-Final.pdf','',2,NULL,'2021-08-24 01:09:28',NULL,'2021-08-24 01:09:33'),(212,'url',73,'Bistro 36 Menu','https://windsorrsl.com.au/wp-content/uploads/2021/03/Bistro_36_Menu_web-min.pdf','',2,NULL,'2021-09-08 01:00:51',NULL,'2021-09-26 23:26:33'),(213,'url',73,'Regular Menu','https://static1.squarespace.com/static/5d9bda850008ea2bba8c7d0b/t/60cf9aee0e03a71bd579534b/1624218355059/Regular+Menu_PRINT+-+A3+Trifold+-+Kogarah+V4.pdf','',2,NULL,'2021-09-26 23:27:02',NULL,'2022-03-15 22:27:44'),(214,'url',73,'Takeaway Beverage Menu','https://static1.squarespace.com/static/5d9bda850008ea2bba8c7d0b/t/60d9712af8e7e546154dd797/1624863019172/BSK+Takeaway+Beverages+-+A4+-+Kogarah.pdf','',2,NULL,'2021-09-26 23:30:54',NULL,'2022-03-15 22:27:47'),(215,'url',77,'Drinks Menu','https://static1.squarespace.com/static/5d9bda850008ea2bba8c7d0b/t/619b2aebba8cbe05d578ac54/1637559024316/28215_KCH+Beverage+Menu+-+A3+Trifold+-+Kogarah+V2%5B99%5D.pdf','',0,NULL,'2022-01-17 20:49:18',NULL,NULL),(216,'url',73,'Online order delivery','https://order.online/business/blake-st-kitchen-905317','',0,NULL,'2022-03-15 22:28:15',NULL,NULL),(217,'url',73,'Food Menu','https://www.kogarahclubhouse.com.au/s/BSK-Dec-Menu-A3-Trifold-Kogarah-V4-hy8a.pdf','',2,NULL,'2022-03-15 22:28:50',NULL,'2023-06-17 22:46:55'),(218,'url',73,'Beverage Menu','https://www.kogarahclubhouse.com.au/s/BSK-Takeaway-Beverages-A4-Kogarah.pdf','',2,NULL,'2022-03-15 22:29:12',NULL,'2023-06-18 00:16:38'),(219,'url',73,'Order Takeaway* (COVID SAFE)','https://order.micropower.com.au/kogarahclubhouseta','',0,NULL,'2022-03-15 22:29:40',NULL,NULL),(220,'url',75,'A-La-Carte Menu','https://www.kogarahclubhouse.com.au/s/TP-Pearl-Menu-A4-No-Print-Marks.pdf','',0,NULL,'2022-03-15 22:52:41',NULL,NULL),(221,'url',75,'Yum Cha Menu','https://www.kogarahclubhouse.com.au/s/PEARL.pdf','',0,NULL,'2022-03-15 22:52:54',NULL,NULL),(222,'url',75,'Takeaway Menu','https://www.kogarahclubhouse.com.au/s/THE-PEARL.pdf','',0,NULL,'2022-03-15 22:53:08',NULL,NULL),(223,'url',78,'Drink Menu','https://www.kogarahclubhouse.com.au/s/28215_KCH-Beverage-Menu-A3-Trifold-Kogarah-V299.pdf','',0,NULL,'2022-03-15 23:01:34',NULL,NULL),(224,'url',73,'Food menu','https://static1.squarespace.com/static/5d9bda850008ea2bba8c7d0b/t/63c08ef37e5ff458984b1073/1673563892881/40361_BSK+Summer+Menu+-+A3+Landscape+-+Kogarah+Clubhouse.pdf','',0,NULL,'2023-06-17 22:46:30',NULL,NULL),(225,'url',79,'Menu','https://static1.squarespace.com/static/5d9bda850008ea2bba8c7d0b/t/64a63f32dac47829062709c3/1688616757761/Kogarah-MENU-230619.pdf','',0,NULL,'2023-07-06 01:15:07',NULL,NULL);

--
-- Table structure for table `bars_submenu`
--

CREATE TABLE `bars_submenu` (
  `bars_submenu_id` int NOT NULL AUTO_INCREMENT,
  `bars_menu_id` int NOT NULL,
  `bars_subtitle` text NOT NULL,
  `bars_url` varchar(255) NOT NULL,
  `status` tinyint(1) NOT NULL DEFAULT '0' COMMENT '0=active,1=deactive,2=deleted',
  `created_by` int DEFAULT NULL,
  `created_date` datetime DEFAULT NULL,
  `modified_by` int DEFAULT NULL,
  `modified_date` datetime DEFAULT NULL,
  PRIMARY KEY (`bars_submenu_id`)
) ENGINE=MyISAM AUTO_INCREMENT=46 DEFAULT CHARSET=latin1;

--
-- Dumping data for table `bars_submenu`
--

INSERT INTO `bars_submenu` VALUES (45,208,'New bar 1','http://3.25.233.120/cabravale/whatson/create?slug=519316&type=1',0,NULL,'2021-07-18 06:59:03',NULL,NULL);

--
-- Table structure for table `booking`
--

CREATE TABLE `booking` (
  `id` int NOT NULL AUTO_INCREMENT,
  `first_name` varchar(255) NOT NULL,
  `last_name` varchar(255) NOT NULL,
  `email` varchar(255) CHARACTER SET utf8mb4 COLLATE utf8mb4_0900_ai_ci NOT NULL,
  `phone` varchar(255) NOT NULL,
  `booking_date` varchar(255) NOT NULL,
  `special_request` varchar(255) NOT NULL,
  `date` datetime NOT NULL DEFAULT CURRENT_TIMESTAMP,
  PRIMARY KEY (`id`)
) ENGINE=InnoDB AUTO_INCREMENT=16 DEFAULT CHARSET=utf8mb4 COLLATE=utf8mb4_0900_ai_ci;

--
-- Dumping data for table `booking`
--

INSERT INTO `booking` VALUES (1,'d','d','d@gmail.com','12','2022-01-13T22:44','d','2022-01-08 17:16:19'),(2,'f','f','f@gmail.com','f','','sd','2022-01-08 17:22:01'),(3,'UC3O5StXER','sJbB44FR9q','4roxq@wnsj.com','0987271808','2022-01-28T23:49','981kXEhXEO','2022-01-09 02:32:23'),(4,'d7VV9fuHFy','ruMiFLOH7q','ydzbl@8vv3.com','9298025537','2022-01-28T23:49','jqSc4TVNUS','2022-01-09 02:35:43'),(5,'obCn0WBXlv','HmcBATA3uX','rxsl4@0hu5.com','7321368337','2022-01-28T23:49','iB5j7uRqbI','2022-01-09 02:36:11'),(6,'5usnZzDOtV','bZUKGJicww','f7g2s@6hvf.com','6814922098','2022-01-28T23:49','hLh5gsFTz0','2022-01-09 02:36:41'),(7,'zfCy0HXMHx','sTo47HBU7m','cqlvo@jrkv.com','7776625468','2022-01-28T23:49','0UWJ6KXih0','2022-01-09 02:38:46'),(8,'l9fgRI76OV','1l3LLwCfIo','9lon6@no6p.com','6681124506','2022-01-26T13:56','ioYB0huaa8','2022-01-09 08:27:00'),(9,'l9fgRI76OV','1l3LLwCfIo','9lon6@no6p.com','6681124506','2022-01-26T13:56','ioYB0huaa8','2022-01-09 08:27:28'),(10,'6yS12WjHfk','2YDSuJjTQu','xanqm@wfdl.com','9686232064','2022-01-26T13:56','yTxwJSDpmy','2022-01-09 08:27:51'),(11,'QWA7uEq55n','OyicgGIFrc','p21mi@o0mb.com','4508490943','2022-01-26T13:56','eBjfGb0ETE','2022-01-09 08:29:32'),(12,'vjvImn7UNG','mPeCwikgTn','q5zjf@qpxm.com','9986249484','2022-01-26T13:56','QM6vnoD6dj','2022-01-09 08:32:19'),(13,'vhz8UQXZpM','kRW8wuft6M','aznz5@yc8h.com','2724082924','2022-01-26T13:56','JDecYU1WGm','2022-01-09 08:35:27'),(14,'8xZjzIU2z8','unnKbA5Ejh','g8tna@wylp.com','6475745351','2022-01-26T13:56','f7dE3x3MuY','2022-01-09 08:35:59'),(15,'John','Cena','j@j.com','9737178320','2022-01-13T17:10','NOthing','2022-01-09 08:40:13');

--
-- Table structure for table `cms_management`
--

CREATE TABLE `cms_management` (
  `cms_id` int NOT NULL AUTO_INCREMENT,
  `cms_title` varchar(50) NOT NULL,
  `cms_content` longblob NOT NULL,
  `url` varchar(255) NOT NULL,
  `latitude` varchar(255) NOT NULL,
  `longitude` varchar(255) NOT NULL,
  `type` varchar(50) NOT NULL,
  `cms_page_image` varchar(255) NOT NULL,
  `status` tinyint(1) NOT NULL DEFAULT '0' COMMENT '0=active,1=deactive,2=deleted',
  `created_by` int DEFAULT NULL,
  `created_date` datetime DEFAULT NULL,
  `modified_by` int DEFAULT NULL,
  `modified_date` datetime DEFAULT NULL,
  `image_video_type` tinyint(1) DEFAULT '1',
  `pdf` varchar(255) DEFAULT NULL,
  `is_url` tinyint(1) NOT NULL DEFAULT '0',
  PRIMARY KEY (`cms_id`)
) ENGINE=MyISAM AUTO_INCREMENT=22 DEFAULT CHARSET=latin1;

--
-- Dumping data for table `cms_management`
--

INSERT INTO `cms_management` VALUES (1,'About Us',_binary '<p style=\"margin-bottom: 0cm; line-height: 100%;\"><span style=\"color: #ffffff;\">Canterbury offers a range of facilities for our Members and guests including:</span></p>\r\n<p style=\"margin-bottom: 0cm; line-height: 100%;\">&nbsp;</p>\r\n<p style=\"margin-bottom: 0cm; line-height: 100%;\"><span style=\"color: #ffffff;\">ATM</span></p>\r\n<p style=\"margin-bottom: 0cm; line-height: 100%;\"><span style=\"color: #ffffff;\">Bars (Flame Bar, The Heritage Bar, Banyan Bar, Bulldogs Sports Bar)</span></p>\r\n<p style=\"margin-bottom: 0cm; line-height: 100%;\"><span style=\"color: #ffffff;\">C-Life Health Club</span></p>\r\n<p style=\"margin-bottom: 0cm; line-height: 100%;\"><span style=\"color: #ffffff;\">Free parking</span></p>\r\n<p style=\"margin-bottom: 0cm; line-height: 100%;\"><span style=\"color: #ffffff;\">Free WiFi</span></p>\r\n<p style=\"margin-bottom: 0cm; line-height: 100%;\"><span style=\"color: #ffffff;\">Function Rooms</span></p>\r\n<p style=\"margin-bottom: 0cm; line-height: 100%;\"><span style=\"color: #ffffff;\">Galaxy Kid&rsquo;s Play Area</span></p>\r\n<p style=\"margin-bottom: 0cm; line-height: 100%;\"><span style=\"color: #ffffff;\">Keno</span></p>\r\n<p style=\"margin-bottom: 0cm; line-height: 100%;\"><span style=\"color: #ffffff;\">Live Entertainment</span></p>\r\n<p style=\"margin-bottom: 0cm; line-height: 100%;\"><span style=\"color: #ffffff;\">Restaurants (Flame Pizza + Grill, Dynasty Chinese, Banyan Brasserie)</span></p>\r\n<p style=\"margin-bottom: 0cm; line-height: 100%;\"><span style=\"color: #ffffff;\">Sports Screens</span></p>\r\n<p style=\"margin-bottom: 0cm; line-height: 100%;\"><span style=\"color: #ffffff;\">Squash Courts</span></p>\r\n<p style=\"margin-bottom: 0cm; line-height: 100%;\"><span style=\"color: #ffffff;\">TAB</span></p>\r\n<p style=\"margin-bottom: 0cm; line-height: 100%;\"><span style=\"color: #ffffff;\">Vending Machines</span></p>\r\n<p style=\"margin-bottom: 0cm; line-height: 100%;\"><span style=\"color: #ffffff;\">Think! About your choices Call Gambling Help</span></p>\r\n<p style=\"margin-bottom: 0cm; line-height: 100%;\"><span style=\"color: #ffffff;\">1800 858 858</span></p>\r\n<p style=\"margin-bottom: 0cm; line-height: 100%;\"><span style=\"color: #ffffff;\">www.gamblinghelp.nsw.gov.au</span></p>\r\n<p style=\"margin-bottom: 0cm; line-height: 100%;\">&nbsp;</p>\r\n<p style=\"margin-bottom: 0cm; line-height: 100%;\"><span style=\"color: #ffffff;\">HISTORY</span></p>\r\n<p style=\"margin-bottom: 0cm; line-height: 100%;\">&nbsp;</p>\r\n<p style=\"margin-bottom: 0cm; line-height: 100%;\"><span style=\"color: #ffffff;\">Canterbury League Club first opened its doors for trade in September 1956 to service the needs of the football club and local community. The Salvation Army Hall became the first venue of the Canterbury League Club. Sixty people would fill the venue on a busy night.</span></p>\r\n<p style=\"margin-bottom: 0cm; line-height: 100%;\">&nbsp;</p>\r\n<p style=\"margin-bottom: 0cm; line-height: 100%;\"><span style=\"color: #ffffff;\">In the first two years of trade the Club was outgrowing itself and in 1960 the Club moved its premises to Bridge St which allowed the League Club to grow as well as cater for patron parking.</span></p>\r\n<p style=\"margin-bottom: 0cm; line-height: 100%;\">&nbsp;</p>\r\n<p style=\"margin-bottom: 0cm; line-height: 100%;\"><span style=\"color: #ffffff;\">During the 90s Canterbury managed one of the most successful League Clubs in NSW and was quickly becoming known as one of the most progressive leisure facilities in Australia. With trade booming and patronage at an all-time high, the Club extended its trading to 24 hour trading.</span></p>\r\n<p style=\"margin-bottom: 0cm; line-height: 100%;\">&nbsp;</p>\r\n<p style=\"margin-bottom: 0cm; line-height: 100%;\"><span style=\"color: #ffffff;\">In 2000, the Board had approved major renovations. The renovations started in 2000 and in 2002 the Banyan Brasserie, Dynasty Restaurant, new foyer, level 1 and Health Club were opened to the public.</span></p>\r\n<p style=\"margin-bottom: 0cm; line-height: 100%;\">&nbsp;</p>\r\n<p style=\"margin-bottom: 0cm; line-height: 100%;\"><span style=\"color: #ffffff;\">The Club also amalgamated with Lakemba Services Memorial Club (2008) &amp; Belfield RSL (2013).</span></p>\r\n<p style=\"margin-bottom: 0cm; line-height: 100%;\">&nbsp;</p>\r\n<p style=\"margin-bottom: 0cm; line-height: 100%;\"><span style=\"color: #ffffff;\">Canterbury League Club has since become one of Sydney&rsquo;s premier hospitality destinations with 5 star amenities including 3 Restaurants, 2 coffee shops, multiple bars and entertainment lounges and a 24 hour health club.</span></p>\r\n<p style=\"margin-bottom: 0cm; line-height: 100%;\">&nbsp;</p>\r\n<p style=\"margin-bottom: 0cm; line-height: 100%;\"><strong><span style=\"color: #ffffff;\">CONTACT US</span></strong></p>\r\n<p style=\"margin-bottom: 0cm; line-height: 100%;\">&nbsp;</p>\r\n<p style=\"margin-bottom: 0cm; line-height: 100%;\"><span style=\"color: #ffffff;\">Canterbury League Club</span></p>\r\n<p style=\"margin-bottom: 0cm; line-height: 100%;\">&nbsp;</p>\r\n<p style=\"margin-bottom: 0cm; line-height: 100%;\"><span style=\"color: #ffffff;\">Address and contact details:</span></p>\r\n<p style=\"margin-bottom: 0cm; line-height: 100%;\"><span style=\"color: #ffffff;\">26 Bridge Rd, Belmore, NSW, 2192</span></p>\r\n<p style=\"margin-bottom: 0cm; line-height: 100%;\"><span style=\"color: #ffffff;\">Ph: 9704 7777</span></p>\r\n<p style=\"margin-bottom: 0cm; line-height: 100%;\"><span style=\"color: #ffffff;\">Fax: 9740 8676</span></p>\r\n<p style=\"margin-bottom: 0cm; line-height: 100%;\">&nbsp;</p>\r\n<p style=\"margin-bottom: 0cm; line-height: 100%;\"><span style=\"color: #ffffff;\">Feedback</span></p>\r\n<p style=\"margin-bottom: 0cm; line-height: 100%;\">&nbsp;</p>\r\n<p style=\"margin-bottom: 0cm; line-height: 100%;\"><span style=\"color: #ffffff;\"><a style=\"color: #ffffff;\" name=\"_GoBack\"></a> We welcome your feedback and are continually looking for ways to improve our member services and to make the club a more pleasant and enjoyable experience for everyone.</span></p>\r\n<p style=\"margin-bottom: 0cm; line-height: 100%;\">&nbsp;</p>\r\n<p style=\"margin-bottom: 0cm; line-height: 100%;\"><span style=\"color: #ffffff;\">Email: info@canterbury.com.au</span></p>','https://canterbury.com.au/about-us/','-33.9185747','151.0876066','about_us','hO56yv5dv0nJ2CtrFpScsBGLwGg7_3-G.jpg',1,1,NULL,1,'2016-11-11 06:03:59',1,NULL,1),(3,'B E N E F I T S','','https://canterbury.com.au/membership/benefits/','','','benefits','Q3yBYaTPqFID-NF5-Mh-YcOwAZSo1QLf.jpg',0,1,'2016-11-04 10:12:45',1,'2019-08-30 10:44:40',1,NULL,1),(13,'J O I N  T O D A Y','','https://canterbury.com.au/membership/join/','','','join','fUrXYWSldtAfdvHROigPO6T4fz1FlZaG.jpg',1,1,'2019-05-23 11:15:01',1,'2019-08-13 09:30:51',1,NULL,1),(4,'RENEW','','https://canterbury.com.au/membership/membership-renewal/','','','renew','gI5FeXnB_V7j4EQkK_A62gvkreLLlOba.jpg',1,1,'2016-11-04 10:14:46',1,'2019-08-12 12:08:16',1,NULL,1),(5,'UPDATE YOUR DETAILS','','https://canterbury.com.au/update-your-details','','','details','SpVdHftkh6MJH_Z8LR04DuvkCS6KP5nH.png',1,1,'2016-11-04 10:15:25',1,'2016-11-11 06:05:41',1,NULL,1),(6,'SCHOOL HOLIDAY','','','','','school_holiday','WoxsVu51bJ2z0r-nqBGKrwcULimFbEPL.jpg',2,1,NULL,1,'2016-11-11 06:06:58',1,NULL,0),(7,'ENGAGE REWARDS',_binary '<div style=\"width: 100%;\">\r\n<p><img style=\"max-width: 100%; width: auto;\" src=\"data:image/jpeg;base64,[encoded data, 333064 characters]\" alt=\"\" /><span style=\"font-family: Times, serif;\"><span style=\"font-size: small;\"><span style=\"font-family: Arial, serif;\"><br /> </span> <br /><span style=\"font-family: Helvetica, serif; color: #ffcc00;\">WHAT IS ENGAGE REWARDS?</span></span></span></p>\r\n</div>\r\n<div style=\"width: 100%;\">\r\n<p lang=\"en-AU\"><span style=\"font-family: Times, serif; color: #ffffff;\"><span style=\"font-size: small;\"><span style=\"font-family: Arial, serif;\">Engage Rewards is Canterbury\'s exclusive loyalty program for Members. Use your card whenever you pay, play or dine to earn Engage Points. You can then exchange your Engage Points for fantastic rewards. And as a reward for your loyalty, there are five tiers of benefits to aspire</span></span></span></p>\r\n</div>\r\n<div style=\"width: 100%;\">\r\n<p><img style=\"max-width: 100%; width: auto;\" src=\"data:image/jpeg;base64,[encoded data, 67128 characters]\" alt=\"\" /></p>\r\n</div>\r\n<div style=\"width: 100%;\">\r\n<p><span style=\"font-family: Helvetica, serif; color: #ffcc00;\"><span style=\"font-size: small;\"><span lang=\"en-AU\">WHERE CAN I SPEND MY ENGAGE POINTS?</span></span></span></p>\r\n<p><span style=\"font-family: Arial, serif; color: #ffffff;\"><span style=\"font-size: small;\"><span lang=\"en-AU\">You can spend your points to:</span></span></span></p>\r\n<p><span style=\"font-family: Arial, serif; color: #ffffff;\"><span style=\"font-size: small;\"><span lang=\"en-AU\">Purchase a drink from any bar at Canterbury, Lakemba &amp; Belfield</span></span></span></p>\r\n<p><span style=\"font-family: Arial, serif; color: #ffffff;\"><span style=\"font-size: small;\"><span lang=\"en-AU\">Dine at Flame Pizza + Grill, the Banyan Brasserie &amp; Coffee Shop, Dynasty or Fusion Wok &amp; Grill at The Lakemba Club</span></span></span></p>\r\n<p><span style=\"font-family: Arial, serif; color: #ffffff;\"><span style=\"font-size: small;\"><span lang=\"en-AU\">Enjoy a show in the Paragon Room</span></span></span></p>\r\n<p><span style=\"font-family: Arial, serif; color: #ffffff;\"><span style=\"font-size: small;\"><span lang=\"en-AU\">Work out or purchase merchandise at C-Life Health Club</span></span></span></p>\r\n<p><span style=\"font-family: Arial, serif; color: #ffffff;\"><span style=\"font-size: small;\"><span lang=\"en-AU\">Pay your bills via BPay (at the Engage Rewards Centre)</span></span></span></p>\r\n<p><span style=\"font-family: Arial, serif; color: #ffffff;\"><span style=\"font-size: small;\"><span lang=\"en-AU\">Purchase a Gift Card from retailers including Woolworths, JB Hi Fi, Caltex and many more from the Pit Stop Gift Card Machine located next to the Engage Rewards Centre</span></span></span></p>\r\n<p lang=\"en-AU\">&nbsp;</p>\r\n<p lang=\"en-AU\">&nbsp;</p>\r\n<p><span style=\"font-family: Helvetica, serif; color: #ffcc00;\"><span style=\"font-size: small;\"><span lang=\"en-AU\">HOW CAN I CHECK MY POINTS BALANCE</span></span></span></p>\r\n<p><span style=\"font-family: Arial, serif; color: #ffffff;\"><span style=\"font-size: small;\"><span lang=\"en-AU\">You can check your points balance at any of the Engage Kiosks throughout the club, or by asking a staff member when you use your card at any point of sale outlet. If you are using your card for the first time your initial PIN number is the last 4 digits of your membership number. For security you should change your PIN number, which you can do at any Engage Kiosk.</span></span></span></p>\r\n<p lang=\"en-AU\"><a name=\"_GoBack\"></a></p>\r\n<p><span style=\"font-family: Arial, serif;\"><span style=\"font-size: small;\"><span lang=\"en-AU\"><br /> </span></span></span><span style=\"font-family: Helvetica, serif; color: #ffcc00;\"><span style=\"font-size: small;\"><span lang=\"en-AU\">ENGAGE REWARDS CENTRE</span></span></span></p>\r\n<p><span style=\"font-family: Arial, serif; color: #ffffff;\"><span style=\"font-size: small;\"><span lang=\"en-AU\">Visit the new Engage Rewards Centre on Level 1 at Canterbury. One of the friendly Engage Rewards Hosts will be on hand to answer any of your questions and help you get the most of your Canterbury membership. Non English speaking hosts are also available if English is not your first language.</span></span></span></p>\r\n<p><span style=\"font-family: Arial, serif;\"><span style=\"font-size: small;\"><span lang=\"en-AU\"><br /> <br /> </span></span></span><span style=\"font-family: Helvetica, serif; color: #ffcc00;\"><span style=\"font-size: small;\"><span lang=\"en-AU\">REWARDS TIERS</span></span></span><span style=\"font-family: Arial, serif;\"><span style=\"font-size: small;\"><span lang=\"en-AU\"><br /> <br /> <span style=\"color: #ffffff;\">As you accumulate points you may be eligible to be promoted to a new Rewards Tier. There are 5 separate Rewards Tiers, each offering even greater rewards.</span></span></span></span></p>\r\n</div>\r\n<div style=\"width: 100%;\">\r\n<p><img style=\"max-width: 100%; width: auto;\" src=\"data:image/jpeg;base64,[encoded data, 30484 characters]\" alt=\"\" /></p>\r\n</div>\r\n<div style=\"width: 100%;\">\r\n<p><img style=\"max-width: 100%; width: auto;\" src=\"data:image/jpeg;base64,/9j/4QAYRXhpZgAASUkqAAgAAAAAAAAAAAAAAP/sABFEdWNreQABAAQAAABkAAD/4QPYaHR0cDovL25zLmFkb2JlLmNvbS94YXAvMS4wLwA8P3hwYWNrZXQgYmVnaW49Iu+7vyIgaWQ9Ilc1TTBNcENlaGlIenJlU3pOVGN6a2M5ZCI/PiA8eDp4bXBtZXRhIHhtbG5zOng9ImFkb2JlOm5zOm1ldGEvIiB4OnhtcHRrPSJBZG9iZSBYTVAgQ29yZSA1LjYtYzExMSA3OS4xNTgzMjUsIDIwMTUvMDkvMTAtMDE6MTA6MjAgICAgICAgICI+IDxyZGY6UkRGIHhtbG5zOnJkZj0iaHR0cDovL3d